{"id":125,"date":"2020-03-05T10:00:07","date_gmt":"2020-03-05T09:00:07","guid":{"rendered":"https:\/\/www.vievaldis.com\/valdisere\/?page_id=125"},"modified":"2026-04-23T17:50:06","modified_gmt":"2026-04-23T15:50:06","slug":"vievaldis","status":"publish","type":"page","link":"https:\/\/www.vievaldis.com\/valdisere\/vievaldis\/","title":{"rendered":"A propos et horaires"},"content":{"rendered":"<h3>HORAIRES D&rsquo;OUVERTURE VIE VAL D&rsquo;IS<\/h3>\n<table style=\"height: 242px;\" width=\"640\">\n<tbody>\n<tr>\n<td colspan=\"2\" width=\"697\"><span style=\"color: #3366ff;\"><strong>Horaires d\u2019ouvertures de l\u2019association &#8211; HIVER<\/strong><\/span><\/td>\n<\/tr>\n<tr>\n<td width=\"245\"><\/td>\n<td width=\"452\"><\/td>\n<\/tr>\n<tr>\n<td width=\"245\">Du 17\/11\/2025 au 03\/05\/2026<\/td>\n<td width=\"452\">Lundi : 10h-12h \/ 15h-18h<\/p>\n<p>Mardi : 9h-13h \/ 15h-18h<\/p>\n<p>Mercredi : 9h-12h \/ 15h-19h<\/p>\n<p>Jeudi : 15h-18h<\/p>\n<p>Vendredi : 9h-13h \/ 14h-16h<\/td>\n<\/tr>\n<\/tbody>\n<\/table>\n<table style=\"height: 211px;\" width=\"644\">\n<tbody>\n<tr>\n<td colspan=\"2\" width=\"604\"><span style=\"color: #008000;\"><strong>Horaires d\u2019ouvertures de l\u2019association &#8211; INTERSAISON &amp; ETE<\/strong><\/span><\/td>\n<\/tr>\n<tr>\n<td width=\"218\">Du 04\/05\/2026 au 17\/11\/2026<\/td>\n<td width=\"386\">Lundi : 10h-12h \/ 15h-18h<\/p>\n<p>Mardi : 9h-13h \/ 15h-18h<\/p>\n<p>Mercredi : 9h-12h \/ 15h-18h<\/p>\n<p>Jeudi : 15h-18h<\/p>\n<p>Vendredi : 9h-12h<\/td>\n<\/tr>\n<\/tbody>\n<\/table>\n<h3><strong style=\"font-size: 16px;\">L&rsquo;association en quelques mots&#8230;<\/strong><\/h3>\n<p>Cr\u00e9\u00e9e en 2002, Vie Val d\u2019Is est une association pour tous les employ\u00e9.es de Val d\u2019Is\u00e8re et leur famille. Cette association est n\u00e9e de la volont\u00e9 d\u2019acteur.rices locaux, d\u2019am\u00e9liorer les conditions de vie des personnes travaillant et r\u00e9sidant sur la station, \u00e0 l\u2019ann\u00e9e ou en saison.<\/p>\n<p>Les missions de l\u2019association sont les suivantes :<br \/>\n-Informer, orienter et accompagner dans les domaines de l\u2019emploi, de la formation, du logement, du droit, de la sant\u00e9 et du social.<br \/>\n&#8211; Encourager la solidarit\u00e9 locale, notamment la diminution du co\u00fbt de la vie, en proposant une carte d\u2019adh\u00e9sion, la carte Vie Val d\u2019Is, aux personnes travaillant sur Val d\u2019Is\u00e8re, et \u00e0 leur famille.<br \/>\n&#8211; Contribuer au d\u00e9veloppement d\u2019activit\u00e9s en saison et en intersaison.<br \/>\n&#8211; Favoriser le tissu social par le d\u00e9veloppement du secteur associatif.<br \/>\n&#8211; D\u00e9velopper des partenariats avec les services et les structures existantes sur la station ou avec d\u2019autres organismes d\u00e9partementaux et nationaux.<\/p>\n<p>Depuis la cr\u00e9ation de Vie Val d\u2019Is, se sont succ\u00e9d\u00e9s en tant que pr\u00e9sident : Patrick Sala\u00fcn, Dominique Leclerc, Fr\u00e9d\u00e9ric Monneret, Benoit Girard, Nicolas Chev\u00e9, Steve Le Briquir et actuellement Alain CHASTIN.<\/p>\n<p>&nbsp;<\/p>\n<p>Un rapport d&rsquo;activit\u00e9 est diffus\u00e9e chaque ann\u00e9e pour pr\u00e9senter les missions de l&rsquo;association<\/p>\n<p><strong><a href=\"https:\/\/www.vievaldis.com\/valdisere\/wp-content\/uploads\/2025\/03\/RAPPORT-2023-2024-DEFINITIF-Compresse.pdf\"><img loading=\"lazy\" class=\"wp-image-9707 alignleft\" src=\"https:\/\/www.vievaldis.com\/valdisere\/wp-content\/uploads\/2025\/03\/Capture-decran-2025-03-28-152732.jpg\" alt=\"\" width=\"200\" height=\"283\" srcset=\"https:\/\/www.vievaldis.com\/valdisere\/wp-content\/uploads\/2025\/03\/Capture-decran-2025-03-28-152732.jpg 679w, https:\/\/www.vievaldis.com\/valdisere\/wp-content\/uploads\/2025\/03\/Capture-decran-2025-03-28-152732-212x300.jpg 212w\" sizes=\"(max-width: 200px) 100vw, 200px\" \/><\/a><a href=\"https:\/\/www.vievaldis.com\/valdisere\/wp-content\/uploads\/2025\/03\/RAPPORT-2023-2024-DEFINITIF-Compresse.pdf\"><img loading=\"lazy\" class=\"https:\/\/www.vievaldis.com\/valdisere\/wp-content\/uploads\/2024\/02\/RAPPORT-2022-2023-definitif-compresse-1.pdf alignleft wp-image-8528\" src=\"https:\/\/www.vievaldis.com\/valdisere\/wp-content\/uploads\/2024\/02\/Illustration-rapport-dactivite-1.jpg\" alt=\"\" width=\"193\" height=\"273\" srcset=\"https:\/\/www.vievaldis.com\/valdisere\/wp-content\/uploads\/2024\/02\/Illustration-rapport-dactivite-1.jpg 630w, https:\/\/www.vievaldis.com\/valdisere\/wp-content\/uploads\/2024\/02\/Illustration-rapport-dactivite-1-213x300.jpg 213w\" sizes=\"(max-width: 193px) 100vw, 193px\" \/><\/a><\/strong><\/p>\n<p>&nbsp;<\/p>\n<p>&nbsp;<\/p>\n<p>&nbsp;<\/p>\n<p>&nbsp;<\/p>\n<p>&nbsp;<\/p>\n<p>&nbsp;<\/p>\n<p>&nbsp;<\/p>\n<p>&nbsp;<\/p>\n<p><strong>La Team Vie Val d&rsquo;Is<\/strong><\/p>\n<p>L\u2019Association Vie Val d\u2019Is est une association r\u00e9gie par la loi de 1901. D\u00e8s lors, elle est compos\u00e9e d\u2019un bureau et d\u2019un conseil d\u2019administration. L\u2019association emploie 3 salari\u00e9\u00b7es \u00e0 l\u2019ann\u00e9e et une salari\u00e9e en renfort pour l&rsquo;hiver.<\/p>\n<h5><strong><img loading=\"lazy\" class=\"size-medium wp-image-10667 alignright\" src=\"https:\/\/www.vievaldis.com\/valdisere\/wp-content\/uploads\/2026\/03\/WhatsApp-Image-2026-03-25-at-17.03.56-300x225.jpeg\" alt=\"\" width=\"300\" height=\"225\" srcset=\"https:\/\/www.vievaldis.com\/valdisere\/wp-content\/uploads\/2026\/03\/WhatsApp-Image-2026-03-25-at-17.03.56-300x225.jpeg 300w, https:\/\/www.vievaldis.com\/valdisere\/wp-content\/uploads\/2026\/03\/WhatsApp-Image-2026-03-25-at-17.03.56-1024x768.jpeg 1024w, https:\/\/www.vievaldis.com\/valdisere\/wp-content\/uploads\/2026\/03\/WhatsApp-Image-2026-03-25-at-17.03.56-768x576.jpeg 768w, https:\/\/www.vievaldis.com\/valdisere\/wp-content\/uploads\/2026\/03\/WhatsApp-Image-2026-03-25-at-17.03.56-1536x1152.jpeg 1536w, https:\/\/www.vievaldis.com\/valdisere\/wp-content\/uploads\/2026\/03\/WhatsApp-Image-2026-03-25-at-17.03.56.jpeg 1600w\" sizes=\"(max-width: 300px) 100vw, 300px\" \/>Les membres d&rsquo;honneurs du CA<\/strong><\/h5>\n<ul>\n<li><strong>Sylviane LAFAURIE<\/strong><\/li>\n<li><strong>Dominique LECLERC<\/strong><\/li>\n<li><strong>Nicolas CHEVE<\/strong><\/li>\n<li><strong>Fr\u00e9d\u00e9ric MONNERET<\/strong><\/li>\n<\/ul>\n<h5>Les membres du conseil d&rsquo;Administration \u00e9lu\u00b7es lors de l&rsquo;AG du 5 f\u00e9vrier 2026<\/h5>\n<ul>\n<li>ARZUR Christine (Administratrice)<\/li>\n<li><strong>BAKER Samantha (Tr\u00e9sori\u00e8re)<\/strong><\/li>\n<li><strong>CHASTIN Alain (Pr\u00e9sident)<\/strong><\/li>\n<li>DUPLANIL Marie (Administratrice)<\/li>\n<li>GLORIAN Elisa<\/li>\n<li>GRANGER Ang\u00e9lique (Administratrice)<\/li>\n<li>GUILLEME J\u00e9r\u00f4me (Administrateur)<\/li>\n<li>HURE Baptiste (Administrateur)<\/li>\n<li>JOFFO Roby (Administrateur)<\/li>\n<li>LAVAUD Ang\u00e8le (Administratrice)<\/li>\n<li><strong>LE BRIQUIR Steve (Vice-Pr\u00e9sident)<\/strong><\/li>\n<li>LISIECKI Carole (Administratrice)<\/li>\n<li><strong>PAILLET Charlotte (Secr\u00e9taire)<\/strong><\/li>\n<li><strong>PELFORT Sandrine (Vice Tr\u00e9sori\u00e8re)<\/strong><\/li>\n<li>VOUILLOT Alexandre (Administrateur)<\/li>\n<\/ul>\n<h5><strong>Les salari\u00e9.es de l&rsquo;association<\/strong><\/h5>\n<ul>\n<li><strong>Nicolas HUGRON :<\/strong> Directeur de l&rsquo;Association<\/li>\n<li><strong>Eva AGUSTIN :<\/strong> Intervenante sociale<\/li>\n<li><strong>Diane COMBET :<\/strong>\u00a0Intervenante sociale et animatrice de la vie locale<\/li>\n<li><strong>Lauren COIFFARD :<\/strong> Charg\u00e9e d&rsquo;accueil et d\u2019information<\/li>\n<\/ul>\n<p>&nbsp;<\/p>\n","protected":false},"excerpt":{"rendered":"<p>HORAIRES D&rsquo;OUVERTURE VIE VAL D&rsquo;IS Horaires d\u2019ouvertures de l\u2019association &#8211; HIVER Du 17\/11\/2025 au 03\/05\/2026 Lundi : 10h-12h \/ 15h-18h Mardi : 9h-13h \/ 15h-18h Mercredi : 9h-12h \/ 15h-19h Jeudi :&#8230;<\/p>\n","protected":false},"author":1,"featured_media":0,"parent":0,"menu_order":0,"comment_status":"closed","ping_status":"closed","template":"","meta":[],"_links":{"self":[{"href":"https:\/\/www.vievaldis.com\/valdisere\/wp-json\/wp\/v2\/pages\/125"}],"collection":[{"href":"https:\/\/www.vievaldis.com\/valdisere\/wp-json\/wp\/v2\/pages"}],"about":[{"href":"https:\/\/www.vievaldis.com\/valdisere\/wp-json\/wp\/v2\/types\/page"}],"author":[{"embeddable":true,"href":"https:\/\/www.vievaldis.com\/valdisere\/wp-json\/wp\/v2\/users\/1"}],"replies":[{"embeddable":true,"href":"https:\/\/www.vievaldis.com\/valdisere\/wp-json\/wp\/v2\/comments?post=125"}],"version-history":[{"count":103,"href":"https:\/\/www.vievaldis.com\/valdisere\/wp-json\/wp\/v2\/pages\/125\/revisions"}],"predecessor-version":[{"id":10760,"href":"https:\/\/www.vievaldis.com\/valdisere\/wp-json\/wp\/v2\/pages\/125\/revisions\/10760"}],"wp:attachment":[{"href":"https:\/\/www.vievaldis.com\/valdisere\/wp-json\/wp\/v2\/media?parent=125"}],"curies":[{"name":"wp","href":"https:\/\/api.w.org\/{rel}","templated":true}]}}

<h3>HORAIRES D&rsquo;OUVERTURE VIE VAL D&rsquo;IS</h3>
<table style="height: 242px;" width="640">
<tbody>
<tr>
<td colspan="2" width="697"><span style="color: #3366ff;"><strong>Horaires d’ouvertures de l’association &#8211; HIVER</strong></span></td>
</tr>
<tr>
<td width="245"></td>
<td width="452"></td>
</tr>
<tr>
<td width="245">Du 17/11/2025 au 03/05/2026</td>
<td width="452">Lundi : 10h-12h / 15h-18h</p>
<p>Mardi : 9h-13h / 15h-18h</p>
<p>Mercredi : 9h-12h / 15h-19h</p>
<p>Jeudi : 15h-18h</p>
<p>Vendredi : 9h-13h / 14h-16h</td>
</tr>
</tbody>
</table>
<table style="height: 211px;" width="644">
<tbody>
<tr>
<td colspan="2" width="604"><span style="color: #008000;"><strong>Horaires d’ouvertures de l’association &#8211; INTERSAISON &amp; ETE</strong></span></td>
</tr>
<tr>
<td width="218">Du 04/05/2026 au 17/11/2026</td>
<td width="386">Lundi : 10h-12h / 15h-18h</p>
<p>Mardi : 9h-13h / 15h-18h</p>
<p>Mercredi : 9h-12h / 15h-18h</p>
<p>Jeudi : 15h-18h</p>
<p>Vendredi : 9h-12h</td>
</tr>
</tbody>
</table>
<h3><strong style="font-size: 16px;">L&rsquo;association en quelques mots&#8230;</strong></h3>
<p>Créée en 2002, Vie Val d’Is est une association pour tous les employé.es de Val d’Isère et leur famille. Cette association est née de la volonté d’acteur.rices locaux, d’améliorer les conditions de vie des personnes travaillant et résidant sur la station, à l’année ou en saison.</p>
<p>Les missions de l’association sont les suivantes :<br />
-Informer, orienter et accompagner dans les domaines de l’emploi, de la formation, du logement, du droit, de la santé et du social.<br />
&#8211; Encourager la solidarité locale, notamment la diminution du coût de la vie, en proposant une carte d’adhésion, la carte Vie Val d’Is, aux personnes travaillant sur Val d’Isère, et à leur famille.<br />
&#8211; Contribuer au développement d’activités en saison et en intersaison.<br />
&#8211; Favoriser le tissu social par le développement du secteur associatif.<br />
&#8211; Développer des partenariats avec les services et les structures existantes sur la station ou avec d’autres organismes départementaux et nationaux.</p>
<p>Depuis la création de Vie Val d’Is, se sont succédés en tant que président : Patrick Salaün, Dominique Leclerc, Frédéric Monneret, Benoit Girard, Nicolas Chevé, Steve Le Briquir et actuellement Alain CHASTIN.</p>
<p>&nbsp;</p>
<p>Un rapport d&rsquo;activité est diffusée chaque année pour présenter les missions de l&rsquo;association</p>
<p><strong><a href="https://www.vievaldis.com/valdisere/wp-content/uploads/2025/03/RAPPORT-2023-2024-DEFINITIF-Compresse.pdf"><img loading="lazy" class="wp-image-9707 alignleft" src="https://www.vievaldis.com/valdisere/wp-content/uploads/2025/03/Capture-decran-2025-03-28-152732.jpg" alt="" width="200" height="283" srcset="https://www.vievaldis.com/valdisere/wp-content/uploads/2025/03/Capture-decran-2025-03-28-152732.jpg 679w, https://www.vievaldis.com/valdisere/wp-content/uploads/2025/03/Capture-decran-2025-03-28-152732-212x300.jpg 212w" sizes="(max-width: 200px) 100vw, 200px" /></a><a href="https://www.vievaldis.com/valdisere/wp-content/uploads/2025/03/RAPPORT-2023-2024-DEFINITIF-Compresse.pdf"><img loading="lazy" class="https://www.vievaldis.com/valdisere/wp-content/uploads/2024/02/RAPPORT-2022-2023-definitif-compresse-1.pdf alignleft wp-image-8528" src="https://www.vievaldis.com/valdisere/wp-content/uploads/2024/02/Illustration-rapport-dactivite-1.jpg" alt="" width="193" height="273" srcset="https://www.vievaldis.com/valdisere/wp-content/uploads/2024/02/Illustration-rapport-dactivite-1.jpg 630w, https://www.vievaldis.com/valdisere/wp-content/uploads/2024/02/Illustration-rapport-dactivite-1-213x300.jpg 213w" sizes="(max-width: 193px) 100vw, 193px" /></a></strong></p>
<p>&nbsp;</p>
<p>&nbsp;</p>
<p>&nbsp;</p>
<p>&nbsp;</p>
<p>&nbsp;</p>
<p>&nbsp;</p>
<p>&nbsp;</p>
<p>&nbsp;</p>
<p><strong>La Team Vie Val d&rsquo;Is</strong></p>
<p>L’Association Vie Val d’Is est une association régie par la loi de 1901. Dès lors, elle est composée d’un bureau et d’un conseil d’administration. L’association emploie 3 salarié·es à l’année et une salariée en renfort pour l&rsquo;hiver.</p>
<h5><strong><img loading="lazy" class="size-medium wp-image-10667 alignright" src="https://www.vievaldis.com/valdisere/wp-content/uploads/2026/03/WhatsApp-Image-2026-03-25-at-17.03.56-300x225.jpeg" alt="" width="300" height="225" srcset="https://www.vievaldis.com/valdisere/wp-content/uploads/2026/03/WhatsApp-Image-2026-03-25-at-17.03.56-300x225.jpeg 300w, https://www.vievaldis.com/valdisere/wp-content/uploads/2026/03/WhatsApp-Image-2026-03-25-at-17.03.56-1024x768.jpeg 1024w, https://www.vievaldis.com/valdisere/wp-content/uploads/2026/03/WhatsApp-Image-2026-03-25-at-17.03.56-768x576.jpeg 768w, https://www.vievaldis.com/valdisere/wp-content/uploads/2026/03/WhatsApp-Image-2026-03-25-at-17.03.56-1536x1152.jpeg 1536w, https://www.vievaldis.com/valdisere/wp-content/uploads/2026/03/WhatsApp-Image-2026-03-25-at-17.03.56.jpeg 1600w" sizes="(max-width: 300px) 100vw, 300px" />Les membres d&rsquo;honneurs du CA</strong></h5>
<ul>
<li><strong>Sylviane LAFAURIE</strong></li>
<li><strong>Dominique LECLERC</strong></li>
<li><strong>Nicolas CHEVE</strong></li>
<li><strong>Frédéric MONNERET</strong></li>
</ul>
<h5>Les membres du conseil d&rsquo;Administration élu·es lors de l&rsquo;AG du 5 février 2026</h5>
<ul>
<li>ARZUR Christine (Administratrice)</li>
<li><strong>BAKER Samantha (Trésorière)</strong></li>
<li><strong>CHASTIN Alain (Président)</strong></li>
<li>DUPLANIL Marie (Administratrice)</li>
<li>GLORIAN Elisa</li>
<li>GRANGER Angélique (Administratrice)</li>
<li>GUILLEME Jérôme (Administrateur)</li>
<li>HURE Baptiste (Administrateur)</li>
<li>JOFFO Roby (Administrateur)</li>
<li>LAVAUD Angèle (Administratrice)</li>
<li><strong>LE BRIQUIR Steve (Vice-Président)</strong></li>
<li>LISIECKI Carole (Administratrice)</li>
<li><strong>PAILLET Charlotte (Secrétaire)</strong></li>
<li><strong>PELFORT Sandrine (Vice Trésorière)</strong></li>
<li>VOUILLOT Alexandre (Administrateur)</li>
</ul>
<h5><strong>Les salarié.es de l&rsquo;association</strong></h5>
<ul>
<li><strong>Nicolas HUGRON :</strong> Directeur de l&rsquo;Association</li>
<li><strong>Eva AGUSTIN :</strong> Intervenante sociale</li>
<li><strong>Diane COMBET :</strong> Intervenante sociale et animatrice de la vie locale</li>
<li><strong>Lauren COIFFARD :</strong> Chargée d&rsquo;accueil et d’information</li>
</ul>
<p>&nbsp;</p>
