{"id":142,"date":"2018-12-19T13:36:08","date_gmt":"2018-12-19T12:36:08","guid":{"rendered":"https:\/\/www.vievaldis.com\/valdisere\/?page_id=142"},"modified":"2025-12-05T12:56:56","modified_gmt":"2025-12-05T11:56:56","slug":"sante-et-solidarite","status":"publish","type":"page","link":"https:\/\/www.vievaldis.com\/valdisere\/sante-et-solidarite\/","title":{"rendered":"Sant\u00e9"},"content":{"rendered":"<h2>La sant\u00e9 toute l\u2019ann\u00e9e<\/h2>\n<p>Tout au long de l\u2019ann\u00e9e, Vie Val d\u2019Is reste votre interlocuteur privil\u00e9gi\u00e9 pour vous accompagner dans vos d\u00e9marches de soin et r\u00e9pondre \u00e0 vos questions.<\/p>\n<p style=\"text-align: left;\">L\u2019am\u00e9lioration de la sant\u00e9 \u00e0 Val d\u2019Is\u00e8re, avec l\u2019aide des partenaires locaux, fait partie des objectifs de l\u2019association. Vie Val d&rsquo;Is propose des actions d\u2019information et de sensibilisation sur les risques de sant\u00e9 li\u00e9s aux conditions de vie en station et essaie de faciliter l\u2019acc\u00e8s aux soins :<\/p>\n<h4><\/h4>\n<h4><strong>La journ\u00e9e sant\u00e9 :<\/strong><\/h4>\n<p>Journ\u00e9e gratuite, anonyme et ouverte \u00e0 tous<\/p>\n<p><strong>Mardi 20 Janvier 2026<\/strong><\/p>\n<p>Cet \u00e9v\u00e8nement se d\u00e9roule une fois par an, \u00e0 la Maison de Val. La journ\u00e9e sant\u00e9 a pour objectif de rapprocher des sp\u00e9cialistes m\u00e9dicaux et de proposer des consultations gratuites et anonymes : d\u00e9pistage VIH SIDA, IST et h\u00e9patites, d\u00e9pistage des tumeurs cutan\u00e9es, bilan ost\u00e9opathique, informations sur la contraception et la sexualit\u00e9, conseils alimentation et di\u00e9t\u00e9tique, stand d\u2019informations pour sensibiliser sur les drogues et alcool et \u00e9coute psychologique.<\/p>\n<h4><\/h4>\n<h4><strong>Le don du sang :<\/strong><\/h4>\n<p>Des collectes sont organis\u00e9es \u00e0 Bourg Saint Maurice par <a href=\"https:\/\/dondesang.efs.sante.fr\/\" target=\"_blank\" rel=\"noopener noreferrer\">l\u2019\u00e9tablissement Fran\u00e7ais du Sang<\/a> et l\u2019amicale b\u00e9n\u00e9vole des donneurs de sang.<\/p>\n<p>Vous pouvez prendre rendez-vous sur le <a href=\"https:\/\/mon-rdv-dondesang.efs.sante.fr\/liste\/collectes?region=17&amp;lieu=BOURG+ST+MAURICE&amp;date=\">site<\/a>.<\/p>\n<p>Pour chaque don, se munir d&rsquo;une pi\u00e8ce d&rsquo;identit\u00e9 et ne pas se pr\u00e9senter \u00e0 jeun<\/p>\n<h4><\/h4>\n<h4><strong>M\u00e9decine g\u00e9n\u00e9rale :<\/strong><\/h4>\n<p>Centre m\u00e9dical M\u00e9dival : <span class=\"OYPEnA text-decoration-none text-strikethrough-none\">04 79 40 26 80<\/span><\/p>\n<h4><\/h4>\n<h4><strong>Dentiste :<\/strong><\/h4>\n<p class=\"cvGsUA direction-ltr align-start para-style-body\"><span class=\"OYPEnA text-decoration-none text-strikethrough-none\">Cabinet dentaire Valdident : <\/span><span class=\"OYPEnA text-decoration-none text-strikethrough-none\">04 79 07 96 95<\/span><\/p>\n<h4><\/h4>\n<h4><strong>Lutte contre les addictions :<br \/>\n<\/strong><\/h4>\n<p><strong>Association le P\u00e9lican,<\/strong> sp\u00e9cialis\u00e9e en drogues et addictions. Accompagnement et pr\u00e9vention des risques aupr\u00e8s des personnes pr\u00e9sentant une conduite addictive \u00e0 l&rsquo;alcool, au tabac, aux drogues, aux jeux&#8230;<\/p>\n<p>Contact :\u00a0 06 37 89 52 63, tarentaise@le-pelican.org<\/p>\n<p><img loading=\"lazy\" class=\"size-full wp-image-3862 alignleft\" src=\"https:\/\/www.vievaldis.com\/valdisere\/wp-content\/uploads\/2021\/02\/Logo-Pelican.jpg\" alt=\"\" width=\"416\" height=\"244\" srcset=\"https:\/\/www.vievaldis.com\/valdisere\/wp-content\/uploads\/2021\/02\/Logo-Pelican.jpg 416w, https:\/\/www.vievaldis.com\/valdisere\/wp-content\/uploads\/2021\/02\/Logo-Pelican-300x176.jpg 300w\" sizes=\"(max-width: 416px) 100vw, 416px\" \/><\/p>\n<p>&nbsp;<\/p>\n<p>&nbsp;<\/p>\n<p>&nbsp;<\/p>\n<p>&nbsp;<\/p>\n<p>&nbsp;<\/p>\n<p>&nbsp;<\/p>\n<p>&nbsp;<\/p>\n<p>&nbsp;<\/p>\n<p><strong>ADDICTOLOGIE : E.L.S.A<\/strong> (Equipe de Liaison et de Soins en Addictologie) &#8211; Bourg Saint-Maurice<\/p>\n<p>Contact : 04 79 41 79 72 \/ elsa@ch-bsm.fr \/ <a href=\"https:\/\/www.ch-bsm.fr\/addictologie.html\" target=\"_blank\" rel=\"noopener\">https:\/\/www.ch-bsm.fr\/addictologie.html<\/a><\/p>\n<p><a href=\"https:\/\/www.vievaldis.com\/valdisere\/wp-content\/uploads\/2024\/02\/ELSA.pdf\" target=\"_blank\" rel=\"noopener\">Plaquette d&rsquo;informations<\/a><\/p>\n<p>&nbsp;<\/p>\n<h4><strong>M\u00e9decine du travail :<\/strong><\/h4>\n<p>L&rsquo;objectif est de surveiller l&rsquo;\u00e9tat de sant\u00e9 du salari\u00e9, les conditions d\u2019hygi\u00e8ne et les risques li\u00e9s \u00e0 l\u2019environnement du travail. Les services de Sant\u00e9 au Travail sont \u00e0 votre disposition pour toute question.<\/p>\n<div id=\"fiche-item-3\" class=\"fiche-item-content collapse in\">\n<p>Il existe plusieurs types de visites m\u00e9dicales pour les salari\u00e9s\u00a0:<\/p>\n<ul>\n<li><a href=\"https:\/\/www.service-public.fr\/particuliers\/vosdroits\/F34061\" target=\"_blank\" rel=\"noopener noreferrer\">la visite d&rsquo;information et de pr\u00e9vention<\/a>, qui remplace \u00e0 pr\u00e9sent la visite m\u00e9dicale d&#8217;embauche et qui est r\u00e9alis\u00e9e, dans certains cas, dans un d\u00e9lai qui n&rsquo;exc\u00e8de pas 3 mois \u00e0 compter de l&#8217;embauche,<\/li>\n<li><a href=\"https:\/\/www.service-public.fr\/particuliers\/vosdroits\/F34062\" target=\"_blank\" rel=\"noopener noreferrer\">le suivi individuel renforc\u00e9<\/a>, qui concerne les salari\u00e9s expos\u00e9s \u00e0 certains risques (amiante, plomb, risque hyperbare<dfn><\/dfn>, etc.),<\/li>\n<li>les visites de pr\u00e9-reprise et de reprise de travail,<\/li>\n<li>les visites effectu\u00e9es \u00e0 la demande de l&#8217;employeur, du travailleur ou du m\u00e9decin du travail,<\/li>\n<li>et les examens compl\u00e9mentaires qui peuvent \u00eatre r\u00e9alis\u00e9s ou prescrits par le m\u00e9decin du travail (par exemple, ces examens peuvent \u00eatre n\u00e9cessaires au d\u00e9pistage d&rsquo;une maladie susceptible de r\u00e9sulter de l&rsquo;activit\u00e9 professionnelle du travailleur).<\/li>\n<\/ul>\n<\/div>\n<p>Contact sur Val d&rsquo;Is\u00e8re : 04 79 07 02 75<\/p>\n<p>&nbsp;<\/p>\n<h4>Soutien psychologique :<\/h4>\n<ul>\n<li>\n<p class=\"_04xlpA direction-ltr align-center para-style-body\"><span class=\"JsGRdQ\">\u00c9milie GUIOT &#8211;<\/span><strong><span class=\"JsGRdQ\"> RDV \u00e0 Bourg St Maurice au <\/span><span class=\"JsGRdQ\">06.65.63.49.54 ou <\/span><a href=\"mailto:emilie.guiot@gmail.com\"><span class=\"JsGRdQ\">emilie.guiot@gmail.com<\/span><\/a><\/strong><\/p>\n<\/li>\n<\/ul>\n<p>Une assistante sociale et pr\u00e9vention est \u00e9galement pr\u00e9sente tous les mercredi matin sur rendez-vous uniquement.<\/p>\n<ul>\n<li>\n<p class=\"_04xlpA direction-ltr align-center para-style-body\"><span class=\"JsGRdQ\">Elise STALIN <\/span><span class=\"JsGRdQ\">pr\u00e9sente<\/span><span class=\"JsGRdQ\"> un mercredi matin sur deux <\/span><span class=\"JsGRdQ\">au CCAS &#8211; <strong>RDV au <\/strong><\/span><strong><span class=\"JsGRdQ\">04.79.44.53.15 ou <\/span><a href=\"mailto:elise.stalin@savoie.fr\" target=\"_blank\" rel=\"noopener\"><span class=\"JsGRdQ\">elise.stalin@savoie.fr<\/span><\/a><\/strong><\/p>\n<\/li>\n<\/ul>\n<p>&nbsp;<\/p>\n<p>CMP &#8211; Centres M\u00e9dicaux Psychologiques :<\/p>\n<p>Etablissements qui regroupent des sp\u00e9cialistes et proposent une offre de soins mentaux pris en charge par la S\u00e9curit\u00e9 Sociale.<\/p>\n<ul>\n<li>Bourg St Maurice : 04 79 60 52 44<\/li>\n<li>Mo\u00fbtiers : 04 79 60 51 72<\/li>\n<\/ul>\n<p>&nbsp;<\/p>\n<h4>Pr\u00e9vention sant\u00e9 :<\/h4>\n<ul>\n<li>Centre de planification :<\/li>\n<\/ul>\n<p>Consultations m\u00e9dicales et informations relatives \u00e0 la contraception, entretiens post IVG, etc\u2026<br \/>\nD\u00e9livrance gratuite de la contraception d\u2019urgence. Diagnostic de grossesse.<\/p>\n<p><span class=\"LrzXr\">866 Avenue Mar\u00e9chal Leclerc, <\/span><span class=\"LrzXr\">Bourg-Saint-Maurice<\/span><\/p>\n<p>T\u00e9l\u00e9phone : 04 79 44 53 15<\/p>\n<p><a href=\"https:\/\/www.vievaldis.com\/valdisere\/wp-content\/uploads\/2025\/12\/planif-page-001.jpg\" target=\"_blank\" rel=\"noopener\"><img loading=\"lazy\" class=\"aligncenter size-medium wp-image-10374\" src=\"https:\/\/www.vievaldis.com\/valdisere\/wp-content\/uploads\/2025\/12\/planif-page-001-300x242.jpg\" alt=\"\" width=\"300\" height=\"242\" srcset=\"https:\/\/www.vievaldis.com\/valdisere\/wp-content\/uploads\/2025\/12\/planif-page-001-300x242.jpg 300w, https:\/\/www.vievaldis.com\/valdisere\/wp-content\/uploads\/2025\/12\/planif-page-001-1024x827.jpg 1024w, https:\/\/www.vievaldis.com\/valdisere\/wp-content\/uploads\/2025\/12\/planif-page-001-768x620.jpg 768w, https:\/\/www.vievaldis.com\/valdisere\/wp-content\/uploads\/2025\/12\/planif-page-001.jpg 1535w\" sizes=\"(max-width: 300px) 100vw, 300px\" \/><\/a><\/p>\n<p>&nbsp;<\/p>\n<p>&nbsp;<\/p>\n<p><a href=\"https:\/\/www.vievaldis.com\/valdisere\/wp-content\/uploads\/2025\/12\/planif-page-002.jpg\" target=\"_blank\" rel=\"noopener\"><img loading=\"lazy\" class=\"aligncenter size-medium wp-image-10375\" src=\"https:\/\/www.vievaldis.com\/valdisere\/wp-content\/uploads\/2025\/12\/planif-page-002-300x242.jpg\" alt=\"\" width=\"300\" height=\"242\" srcset=\"https:\/\/www.vievaldis.com\/valdisere\/wp-content\/uploads\/2025\/12\/planif-page-002-300x242.jpg 300w, https:\/\/www.vievaldis.com\/valdisere\/wp-content\/uploads\/2025\/12\/planif-page-002-1024x827.jpg 1024w, https:\/\/www.vievaldis.com\/valdisere\/wp-content\/uploads\/2025\/12\/planif-page-002-768x620.jpg 768w, https:\/\/www.vievaldis.com\/valdisere\/wp-content\/uploads\/2025\/12\/planif-page-002.jpg 1535w\" sizes=\"(max-width: 300px) 100vw, 300px\" \/><\/a><\/p>\n<ul>\n<li>D\u00e9pistage :<\/li>\n<\/ul>\n<p><span id=\"fbPhotoSnowliftCaption\" class=\"fbPhotosPhotoCaption\" tabindex=\"0\" aria-live=\"polite\" data-ft=\"{&quot;tn&quot;:&quot;K&quot;}\"><span class=\"hasCaption\">Le CeGIDD (centre gratuit d&rsquo;information, de d\u00e9pistage et de diagnostic) vous accueille tous les lundis de 17h \u00e0 19h pour tous types de d\u00e9pistages : VIH, h\u00e9patites et autres infections sexuellement transmissibles.<br \/>\nLieu : Centre Hospitalier de Bourg st Maurice, <span class=\"LrzXr\">139 Rue du Nantet<\/span><br \/>\nT\u00e9l\u00e9phone : 04 79 41 79 45<\/span><\/span><\/p>\n<p>Email : <a href=\"mailto:cegidd@ch-bsm.fr\" target=\"_blank\" rel=\"noopener\">cegidd@ch-bsm.fr<\/a><\/p>\n","protected":false},"excerpt":{"rendered":"<p>La sant\u00e9 toute l\u2019ann\u00e9e Tout au long de l\u2019ann\u00e9e, Vie Val d\u2019Is reste votre interlocuteur privil\u00e9gi\u00e9 pour vous accompagner dans vos d\u00e9marches de soin et r\u00e9pondre \u00e0 vos questions. L\u2019am\u00e9lioration de la&#8230;<\/p>\n","protected":false},"author":1,"featured_media":0,"parent":0,"menu_order":0,"comment_status":"closed","ping_status":"closed","template":"","meta":[],"_links":{"self":[{"href":"https:\/\/www.vievaldis.com\/valdisere\/wp-json\/wp\/v2\/pages\/142"}],"collection":[{"href":"https:\/\/www.vievaldis.com\/valdisere\/wp-json\/wp\/v2\/pages"}],"about":[{"href":"https:\/\/www.vievaldis.com\/valdisere\/wp-json\/wp\/v2\/types\/page"}],"author":[{"embeddable":true,"href":"https:\/\/www.vievaldis.com\/valdisere\/wp-json\/wp\/v2\/users\/1"}],"replies":[{"embeddable":true,"href":"https:\/\/www.vievaldis.com\/valdisere\/wp-json\/wp\/v2\/comments?post=142"}],"version-history":[{"count":81,"href":"https:\/\/www.vievaldis.com\/valdisere\/wp-json\/wp\/v2\/pages\/142\/revisions"}],"predecessor-version":[{"id":10376,"href":"https:\/\/www.vievaldis.com\/valdisere\/wp-json\/wp\/v2\/pages\/142\/revisions\/10376"}],"wp:attachment":[{"href":"https:\/\/www.vievaldis.com\/valdisere\/wp-json\/wp\/v2\/media?parent=142"}],"curies":[{"name":"wp","href":"https:\/\/api.w.org\/{rel}","templated":true}]}}

Santé

<h2>La santé toute l’année</h2>
<p>Tout au long de l’année, Vie Val d’Is reste votre interlocuteur privilégié pour vous accompagner dans vos démarches de soin et répondre à vos questions.</p>
<p style="text-align: left;">L’amélioration de la santé à Val d’Isère, avec l’aide des partenaires locaux, fait partie des objectifs de l’association. Vie Val d&rsquo;Is propose des actions d’information et de sensibilisation sur les risques de santé liés aux conditions de vie en station et essaie de faciliter l’accès aux soins :</p>
<h4></h4>
<h4><strong>La journée santé :</strong></h4>
<p>Journée gratuite, anonyme et ouverte à tous</p>
<p><strong>Mardi 20 Janvier 2026</strong></p>
<p>Cet évènement se déroule une fois par an, à la Maison de Val. La journée santé a pour objectif de rapprocher des spécialistes médicaux et de proposer des consultations gratuites et anonymes : dépistage VIH SIDA, IST et hépatites, dépistage des tumeurs cutanées, bilan ostéopathique, informations sur la contraception et la sexualité, conseils alimentation et diététique, stand d’informations pour sensibiliser sur les drogues et alcool et écoute psychologique.</p>
<h4></h4>
<h4><strong>Le don du sang :</strong></h4>
<p>Des collectes sont organisées à Bourg Saint Maurice par <a href="https://dondesang.efs.sante.fr/" target="_blank" rel="noopener noreferrer">l’établissement Français du Sang</a> et l’amicale bénévole des donneurs de sang.</p>
<p>Vous pouvez prendre rendez-vous sur le <a href="https://mon-rdv-dondesang.efs.sante.fr/liste/collectes?region=17&amp;lieu=BOURG+ST+MAURICE&amp;date=">site</a>.</p>
<p>Pour chaque don, se munir d&rsquo;une pièce d&rsquo;identité et ne pas se présenter à jeun</p>
<h4></h4>
<h4><strong>Médecine générale :</strong></h4>
<p>Centre médical Médival : <span class="OYPEnA text-decoration-none text-strikethrough-none">04 79 40 26 80</span></p>
<h4></h4>
<h4><strong>Dentiste :</strong></h4>
<p class="cvGsUA direction-ltr align-start para-style-body"><span class="OYPEnA text-decoration-none text-strikethrough-none">Cabinet dentaire Valdident : </span><span class="OYPEnA text-decoration-none text-strikethrough-none">04 79 07 96 95</span></p>
<h4></h4>
<h4><strong>Lutte contre les addictions :<br />
</strong></h4>
<p><strong>Association le Pélican,</strong> spécialisée en drogues et addictions. Accompagnement et prévention des risques auprès des personnes présentant une conduite addictive à l&rsquo;alcool, au tabac, aux drogues, aux jeux&#8230;</p>
<p>Contact :  06 37 89 52 63, tarentaise@le-pelican.org</p>
<p><img loading="lazy" class="size-full wp-image-3862 alignleft" src="https://www.vievaldis.com/valdisere/wp-content/uploads/2021/02/Logo-Pelican.jpg" alt="" width="416" height="244" srcset="https://www.vievaldis.com/valdisere/wp-content/uploads/2021/02/Logo-Pelican.jpg 416w, https://www.vievaldis.com/valdisere/wp-content/uploads/2021/02/Logo-Pelican-300x176.jpg 300w" sizes="(max-width: 416px) 100vw, 416px" /></p>
<p>&nbsp;</p>
<p>&nbsp;</p>
<p>&nbsp;</p>
<p>&nbsp;</p>
<p>&nbsp;</p>
<p>&nbsp;</p>
<p>&nbsp;</p>
<p>&nbsp;</p>
<p><strong>ADDICTOLOGIE : E.L.S.A</strong> (Equipe de Liaison et de Soins en Addictologie) &#8211; Bourg Saint-Maurice</p>
<p>Contact : 04 79 41 79 72 / elsa@ch-bsm.fr / <a href="https://www.ch-bsm.fr/addictologie.html" target="_blank" rel="noopener">https://www.ch-bsm.fr/addictologie.html</a></p>
<p><a href="https://www.vievaldis.com/valdisere/wp-content/uploads/2024/02/ELSA.pdf" target="_blank" rel="noopener">Plaquette d&rsquo;informations</a></p>
<p>&nbsp;</p>
<h4><strong>Médecine du travail :</strong></h4>
<p>L&rsquo;objectif est de surveiller l&rsquo;état de santé du salarié, les conditions d’hygiène et les risques liés à l’environnement du travail. Les services de Santé au Travail sont à votre disposition pour toute question.</p>
<div id="fiche-item-3" class="fiche-item-content collapse in">
<p>Il existe plusieurs types de visites médicales pour les salariés :</p>
<ul>
<li><a href="https://www.service-public.fr/particuliers/vosdroits/F34061" target="_blank" rel="noopener noreferrer">la visite d&rsquo;information et de prévention</a>, qui remplace à présent la visite médicale d&#8217;embauche et qui est réalisée, dans certains cas, dans un délai qui n&rsquo;excède pas 3 mois à compter de l&#8217;embauche,</li>
<li><a href="https://www.service-public.fr/particuliers/vosdroits/F34062" target="_blank" rel="noopener noreferrer">le suivi individuel renforcé</a>, qui concerne les salariés exposés à certains risques (amiante, plomb, risque hyperbare<dfn></dfn>, etc.),</li>
<li>les visites de pré-reprise et de reprise de travail,</li>
<li>les visites effectuées à la demande de l&#8217;employeur, du travailleur ou du médecin du travail,</li>
<li>et les examens complémentaires qui peuvent être réalisés ou prescrits par le médecin du travail (par exemple, ces examens peuvent être nécessaires au dépistage d&rsquo;une maladie susceptible de résulter de l&rsquo;activité professionnelle du travailleur).</li>
</ul>
</div>
<p>Contact sur Val d&rsquo;Isère : 04 79 07 02 75</p>
<p>&nbsp;</p>
<h4>Soutien psychologique :</h4>
<ul>
<li>
<p class="_04xlpA direction-ltr align-center para-style-body"><span class="JsGRdQ">Émilie GUIOT &#8211;</span><strong><span class="JsGRdQ"> RDV à Bourg St Maurice au </span><span class="JsGRdQ">06.65.63.49.54 ou </span><a href="mailto:emilie.guiot@gmail.com"><span class="JsGRdQ">emilie.guiot@gmail.com</span></a></strong></p>
</li>
</ul>
<p>Une assistante sociale et prévention est également présente tous les mercredi matin sur rendez-vous uniquement.</p>
<ul>
<li>
<p class="_04xlpA direction-ltr align-center para-style-body"><span class="JsGRdQ">Elise STALIN </span><span class="JsGRdQ">présente</span><span class="JsGRdQ"> un mercredi matin sur deux </span><span class="JsGRdQ">au CCAS &#8211; <strong>RDV au </strong></span><strong><span class="JsGRdQ">04.79.44.53.15 ou </span><a href="mailto:elise.stalin@savoie.fr" target="_blank" rel="noopener"><span class="JsGRdQ">elise.stalin@savoie.fr</span></a></strong></p>
</li>
</ul>
<p>&nbsp;</p>
<p>CMP &#8211; Centres Médicaux Psychologiques :</p>
<p>Etablissements qui regroupent des spécialistes et proposent une offre de soins mentaux pris en charge par la Sécurité Sociale.</p>
<ul>
<li>Bourg St Maurice : 04 79 60 52 44</li>
<li>Moûtiers : 04 79 60 51 72</li>
</ul>
<p>&nbsp;</p>
<h4>Prévention santé :</h4>
<ul>
<li>Centre de planification :</li>
</ul>
<p>Consultations médicales et informations relatives à la contraception, entretiens post IVG, etc…<br />
Délivrance gratuite de la contraception d’urgence. Diagnostic de grossesse.</p>
<p><span class="LrzXr">866 Avenue Maréchal Leclerc, </span><span class="LrzXr">Bourg-Saint-Maurice</span></p>
<p>Téléphone : 04 79 44 53 15</p>
<p><a href="https://www.vievaldis.com/valdisere/wp-content/uploads/2025/12/planif-page-001.jpg" target="_blank" rel="noopener"><img loading="lazy" class="aligncenter size-medium wp-image-10374" src="https://www.vievaldis.com/valdisere/wp-content/uploads/2025/12/planif-page-001-300x242.jpg" alt="" width="300" height="242" srcset="https://www.vievaldis.com/valdisere/wp-content/uploads/2025/12/planif-page-001-300x242.jpg 300w, https://www.vievaldis.com/valdisere/wp-content/uploads/2025/12/planif-page-001-1024x827.jpg 1024w, https://www.vievaldis.com/valdisere/wp-content/uploads/2025/12/planif-page-001-768x620.jpg 768w, https://www.vievaldis.com/valdisere/wp-content/uploads/2025/12/planif-page-001.jpg 1535w" sizes="(max-width: 300px) 100vw, 300px" /></a></p>
<p>&nbsp;</p>
<p>&nbsp;</p>
<p><a href="https://www.vievaldis.com/valdisere/wp-content/uploads/2025/12/planif-page-002.jpg" target="_blank" rel="noopener"><img loading="lazy" class="aligncenter size-medium wp-image-10375" src="https://www.vievaldis.com/valdisere/wp-content/uploads/2025/12/planif-page-002-300x242.jpg" alt="" width="300" height="242" srcset="https://www.vievaldis.com/valdisere/wp-content/uploads/2025/12/planif-page-002-300x242.jpg 300w, https://www.vievaldis.com/valdisere/wp-content/uploads/2025/12/planif-page-002-1024x827.jpg 1024w, https://www.vievaldis.com/valdisere/wp-content/uploads/2025/12/planif-page-002-768x620.jpg 768w, https://www.vievaldis.com/valdisere/wp-content/uploads/2025/12/planif-page-002.jpg 1535w" sizes="(max-width: 300px) 100vw, 300px" /></a></p>
<ul>
<li>Dépistage :</li>
</ul>
<p><span id="fbPhotoSnowliftCaption" class="fbPhotosPhotoCaption" tabindex="0" aria-live="polite" data-ft="{&quot;tn&quot;:&quot;K&quot;}"><span class="hasCaption">Le CeGIDD (centre gratuit d&rsquo;information, de dépistage et de diagnostic) vous accueille tous les lundis de 17h à 19h pour tous types de dépistages : VIH, hépatites et autres infections sexuellement transmissibles.<br />
Lieu : Centre Hospitalier de Bourg st Maurice, <span class="LrzXr">139 Rue du Nantet</span><br />
Téléphone : 04 79 41 79 45</span></span></p>
<p>Email : <a href="mailto:cegidd@ch-bsm.fr" target="_blank" rel="noopener">cegidd@ch-bsm.fr</a></p>

<p>La santé toute l’année Tout au long de l’année, Vie Val d’Is reste votre interlocuteur privilégié pour vous accompagner dans vos démarches de soin et répondre à vos questions. L’amélioration de la&#8230;</p>
