{"id":166,"date":"2018-03-13T19:40:38","date_gmt":"2018-03-13T18:40:38","guid":{"rendered":"https:\/\/www.vievaldis.com\/valdisere\/?page_id=166"},"modified":"2025-08-22T11:51:01","modified_gmt":"2025-08-22T09:51:01","slug":"nos-gardes-denfants","status":"publish","type":"page","link":"https:\/\/www.vievaldis.com\/valdisere\/nos-gardes-denfants\/","title":{"rendered":"Nos gardes d&rsquo;enfants"},"content":{"rendered":"<p>Une liste de personnes disponibles pour des gardes d&rsquo;enfants est disponible \u00e0 l&rsquo;association.<\/p>\n<p><strong>Pour les candidats :<\/strong><\/p>\n<ul>\n<li>l&rsquo;inscription sur la liste est gratuite et r\u00e9serv\u00e9e aux adh\u00e9rent.es de l\u2019association.<\/li>\n<\/ul>\n<p>Pour toutes ces d\u00e9marches, veuillez-vous rendre \u00e0 l\u2019association ou t\u00e9l\u00e9phoner au <strong>04 79 06 84 78<\/strong>.<\/p>\n<p><strong>Pour les parents et employeur.ses :<\/strong><\/p>\n<p>Vous pouvez obtenir la liste des gardes d&rsquo;enfants par mail en \u00e9crivant \u00e0 l&rsquo;adresse suivant <a href=\"mailto:contact@vievaldis.com\">contact@vievaldis.com\u00a0<\/a><\/p>\n<p><strong>\u00a0<\/strong><\/p>\n<p>&nbsp;<\/p>\n","protected":false},"excerpt":{"rendered":"<p>Une liste de personnes disponibles pour des gardes d&rsquo;enfants est disponible \u00e0 l&rsquo;association. Pour les candidats : l&rsquo;inscription sur la liste est gratuite et r\u00e9serv\u00e9e aux adh\u00e9rent.es de l\u2019association. Pour toutes ces&#8230;<\/p>\n","protected":false},"author":1,"featured_media":0,"parent":0,"menu_order":0,"comment_status":"closed","ping_status":"closed","template":"","meta":[],"_links":{"self":[{"href":"https:\/\/www.vievaldis.com\/valdisere\/wp-json\/wp\/v2\/pages\/166"}],"collection":[{"href":"https:\/\/www.vievaldis.com\/valdisere\/wp-json\/wp\/v2\/pages"}],"about":[{"href":"https:\/\/www.vievaldis.com\/valdisere\/wp-json\/wp\/v2\/types\/page"}],"author":[{"embeddable":true,"href":"https:\/\/www.vievaldis.com\/valdisere\/wp-json\/wp\/v2\/users\/1"}],"replies":[{"embeddable":true,"href":"https:\/\/www.vievaldis.com\/valdisere\/wp-json\/wp\/v2\/comments?post=166"}],"version-history":[{"count":13,"href":"https:\/\/www.vievaldis.com\/valdisere\/wp-json\/wp\/v2\/pages\/166\/revisions"}],"predecessor-version":[{"id":10027,"href":"https:\/\/www.vievaldis.com\/valdisere\/wp-json\/wp\/v2\/pages\/166\/revisions\/10027"}],"wp:attachment":[{"href":"https:\/\/www.vievaldis.com\/valdisere\/wp-json\/wp\/v2\/media?parent=166"}],"curies":[{"name":"wp","href":"https:\/\/api.w.org\/{rel}","templated":true}]}}

<p>Une liste de personnes disponibles pour des gardes d&rsquo;enfants est disponible à l&rsquo;association.</p>
<p><strong>Pour les candidats :</strong></p>
<ul>
<li>l&rsquo;inscription sur la liste est gratuite et réservée aux adhérent.es de l’association.</li>
</ul>
<p>Pour toutes ces démarches, veuillez-vous rendre à l’association ou téléphoner au <strong>04 79 06 84 78</strong>.</p>
<p><strong>Pour les parents et employeur.ses :</strong></p>
<p>Vous pouvez obtenir la liste des gardes d&rsquo;enfants par mail en écrivant à l&rsquo;adresse suivant <a href="mailto:contact@vievaldis.com">contact@vievaldis.com </a></p>
<p><strong> </strong></p>
<p>&nbsp;</p>

<p>Une liste de personnes disponibles pour des gardes d&rsquo;enfants est disponible à l&rsquo;association. Pour les candidats : l&rsquo;inscription sur la liste est gratuite et réservée aux adhérent.es de l’association. Pour toutes ces&#8230;</p>
