{"id":6718,"date":"2022-10-19T11:16:54","date_gmt":"2022-10-19T09:16:54","guid":{"rendered":"https:\/\/www.vievaldis.com\/valdisere\/?page_id=6718"},"modified":"2026-03-13T09:31:24","modified_gmt":"2026-03-13T08:31:24","slug":"season-ski-pass","status":"publish","type":"page","link":"https:\/\/www.vievaldis.com\/valdisere\/en\/season-ski-pass\/","title":{"rendered":"Season ski pass"},"content":{"rendered":"<h1><strong>Members only !<\/strong><\/h1>\n<h1>How ?<\/h1>\n<h1 style=\"text-align: left;\"><img loading=\"lazy\" class=\"aligncenter wp-image-10224 size-large\" src=\"https:\/\/www.vievaldis.com\/valdisere\/wp-content\/uploads\/2025\/11\/2-724x1024.png\" alt=\"\" width=\"724\" height=\"1024\" srcset=\"https:\/\/www.vievaldis.com\/valdisere\/wp-content\/uploads\/2025\/11\/2-724x1024.png 724w, https:\/\/www.vievaldis.com\/valdisere\/wp-content\/uploads\/2025\/11\/2-212x300.png 212w, https:\/\/www.vievaldis.com\/valdisere\/wp-content\/uploads\/2025\/11\/2-768x1086.png 768w, https:\/\/www.vievaldis.com\/valdisere\/wp-content\/uploads\/2025\/11\/2-1086x1536.png 1086w, https:\/\/www.vievaldis.com\/valdisere\/wp-content\/uploads\/2025\/11\/2-1448x2048.png 1448w, https:\/\/www.vievaldis.com\/valdisere\/wp-content\/uploads\/2025\/11\/2.png 1587w\" sizes=\"(max-width: 724px) 100vw, 724px\" \/><\/h1>\n<h1><\/h1>\n<h1 style=\"text-align: left;\">How much ?<\/h1>\n<table style=\"height: 216px;\" width=\"964\">\n<tbody>\n<tr>\n<td width=\"157\"><strong><em>VieVald\u2019Is members <\/em><\/strong><strong><em>(2025\/26)<\/em><\/strong><\/td>\n<td style=\"text-align: center;\" width=\"154\"><strong><em>Val d\u2019Is\u00e8re<\/em><\/strong><\/td>\n<td style=\"text-align: center;\" width=\"157\"><strong><em>Tignes-Val d\u2019Is\u00e8re<\/em><\/strong><\/td>\n<td style=\"text-align: center;\" width=\"136\"><strong><em>Pedestrian<\/em><\/strong><\/td>\n<\/tr>\n<tr>\n<td width=\"157\"><strong><em>19 to 64 years old<\/em><\/strong><strong><em>\u00a0<\/em><\/strong><\/td>\n<td style=\"text-align: center;\" width=\"154\"><strong>546\u20ac<\/strong><\/td>\n<td style=\"text-align: center;\" width=\"157\"><strong>681\u20ac<\/strong><\/td>\n<td style=\"text-align: center;\" width=\"136\"><strong>204\u20ac<\/strong><\/td>\n<\/tr>\n<tr>\n<td width=\"157\"><strong><em>8 to 18 or <\/em><\/strong><strong style=\"font-family: inherit; font-size: inherit;\"><em>65 to 74 years old<\/em><\/strong><\/td>\n<td style=\"text-align: center;\" width=\"154\"><strong>456\u20ac<\/strong><\/td>\n<td style=\"text-align: center;\" width=\"157\"><strong>567\u20ac<\/strong><\/td>\n<td style=\"text-align: center;\" width=\"136\"><strong>171\u20ac<\/strong><\/td>\n<\/tr>\n<\/tbody>\n<\/table>\n<p>For any other ski pass follow the <a href=\"https:\/\/www.valdisere.ski\/fr\/\">link<\/a><\/p>\n<p><strong>3 free entrances<\/strong> to the swimming pool with your season ski pass (individual entry for the pass holder)<\/p>\n<p><strong>1 day at a preferential rate of \u20ac44 in La Rosi\u00e8re\/San Bernardo<\/strong> (from Saturday 13 December 2025 to Saturday 18 April 2026) &#8211; Present your ski pass, bill and membership card &#8211; Validated with the resort<\/p>\n<h1><strong>When ?<\/strong><\/h1>\n<p>Membership: Pre-registration begins on the VieValdis website on <span style=\"color: #ff0000;\"><strong>4th November 2025<\/strong><\/span>.<\/p>\n<p>VieValdis cards can be collected and paid for at the association&rsquo;s office \u2013 only after receiving a confirmation email \u2013 <strong><span style=\"color: #ff0000;\">from 6th November 2025<\/span><\/strong>.<\/p>\n<p><span style=\"color: #008000;\"><strong>New for 25\/26: Purchase and top up season passes<\/strong><\/span> for members <strong><span style=\"color: #008000;\">directly online<\/span><\/strong> via your account <span style=\"color: #ff0000;\"><strong>from 12 November 2025<\/strong><\/span>.<\/p>\n<p>For new passes, or if you have lost last year&rsquo;s pass, please go to one of the Val d&rsquo;Is\u00e8re T\u00e9l\u00e9ph\u00e9rique ticket offices and present the following documents:<\/p>\n<ul>\n<li>Your 2025\/26 Vie Val Dis membership card<\/li>\n<li>AND proof of purchase (from the member account area)<\/li>\n<\/ul>\n<p><strong><span style=\"color: #ff0000;\">For further information about ski passes, please contact the +33 4 79 41 66 88 (7\/7 from 8.30am to 5pm) \u00a0<\/span><\/strong><\/p>\n<h1><strong><a href=\"https:\/\/www.vievaldis.com\/valdisere\/wp-content\/uploads\/2025\/11\/Visuel-comment-acheter-mon-forfait-saison-page-001-1-scaled.jpg\" target=\"_blank\" rel=\"noopener\"><img loading=\"lazy\" class=\"aligncenter size-medium wp-image-10256\" src=\"https:\/\/www.vievaldis.com\/valdisere\/wp-content\/uploads\/2025\/11\/Visuel-comment-acheter-mon-forfait-saison-page-001-1-212x300.jpg\" alt=\"\" width=\"212\" height=\"300\" srcset=\"https:\/\/www.vievaldis.com\/valdisere\/wp-content\/uploads\/2025\/11\/Visuel-comment-acheter-mon-forfait-saison-page-001-1-212x300.jpg 212w, https:\/\/www.vievaldis.com\/valdisere\/wp-content\/uploads\/2025\/11\/Visuel-comment-acheter-mon-forfait-saison-page-001-1-724x1024.jpg 724w, https:\/\/www.vievaldis.com\/valdisere\/wp-content\/uploads\/2025\/11\/Visuel-comment-acheter-mon-forfait-saison-page-001-1-768x1086.jpg 768w, https:\/\/www.vievaldis.com\/valdisere\/wp-content\/uploads\/2025\/11\/Visuel-comment-acheter-mon-forfait-saison-page-001-1-1086x1536.jpg 1086w, https:\/\/www.vievaldis.com\/valdisere\/wp-content\/uploads\/2025\/11\/Visuel-comment-acheter-mon-forfait-saison-page-001-1-1448x2048.jpg 1448w, https:\/\/www.vievaldis.com\/valdisere\/wp-content\/uploads\/2025\/11\/Visuel-comment-acheter-mon-forfait-saison-page-001-1-scaled.jpg 1810w\" sizes=\"(max-width: 212px) 100vw, 212px\" \/><\/a>Questions &amp; answers<\/strong><\/h1>\n<p><strong>As an employer, can I purchase the ski pass for my staff?<\/strong> The discounted rate is individual and linked to the person&rsquo;s membership. Only members can benefit from these rates. There are two options:<\/p>\n<ul>\n<li>Fill in the order form available from VieValdIs (contact@vievaldis.com), follow the instructions and pay by bank transfer.<br \/>\nAn invoice will be issued and sent to the member with the words \u2018Paid by employer\u2019. A collective invoice will be sent to the employer. Please note that if you pay for your employee&rsquo;s ski pass, it will be registered in their name and will belong to them for the entire season.<\/li>\n<li>Your employee pays for their pass and you reimburse them (benefit in kind).<\/li>\n<\/ul>\n<p><strong>Children aged 8 to 18 inclusive who are enrolled at school in Val d&rsquo;Is\u00e8re, or at BSM secondary school or sixth form college<\/strong>, are eligible for a pass paid for by the local council. Please contact the local council for further information.<\/p>\n<p><strong>I have purchased an unlimited Val d&rsquo;Is\u00e8re ski pass and would like to spend a day in Tignes. Is this possible?<\/strong> A one-day extension is possible. Please contact the STVI.<\/p>\n<p><strong>Is there a limit to the number of season passes sold by Vie Val d&rsquo;Is?<\/strong> No. Each member can obtain a season pass if they wish.<\/p>\n","protected":false},"excerpt":{"rendered":"<p>Members only ! How ? How much ? VieVald\u2019Is members (2025\/26) Val d\u2019Is\u00e8re Tignes-Val d\u2019Is\u00e8re Pedestrian 19 to 64 years old\u00a0 546\u20ac 681\u20ac 204\u20ac 8 to 18 or 65 to 74 years&#8230;<\/p>\n","protected":false},"author":1,"featured_media":0,"parent":0,"menu_order":0,"comment_status":"closed","ping_status":"closed","template":"","meta":[],"_links":{"self":[{"href":"https:\/\/www.vievaldis.com\/valdisere\/wp-json\/wp\/v2\/pages\/6718"}],"collection":[{"href":"https:\/\/www.vievaldis.com\/valdisere\/wp-json\/wp\/v2\/pages"}],"about":[{"href":"https:\/\/www.vievaldis.com\/valdisere\/wp-json\/wp\/v2\/types\/page"}],"author":[{"embeddable":true,"href":"https:\/\/www.vievaldis.com\/valdisere\/wp-json\/wp\/v2\/users\/1"}],"replies":[{"embeddable":true,"href":"https:\/\/www.vievaldis.com\/valdisere\/wp-json\/wp\/v2\/comments?post=6718"}],"version-history":[{"count":22,"href":"https:\/\/www.vievaldis.com\/valdisere\/wp-json\/wp\/v2\/pages\/6718\/revisions"}],"predecessor-version":[{"id":10637,"href":"https:\/\/www.vievaldis.com\/valdisere\/wp-json\/wp\/v2\/pages\/6718\/revisions\/10637"}],"wp:attachment":[{"href":"https:\/\/www.vievaldis.com\/valdisere\/wp-json\/wp\/v2\/media?parent=6718"}],"curies":[{"name":"wp","href":"https:\/\/api.w.org\/{rel}","templated":true}]}}