{"id":8,"date":"2018-02-04T15:01:53","date_gmt":"2018-02-04T14:01:53","guid":{"rendered":"https:\/\/www.vievaldis.com\/valdisere\/?page_id=8"},"modified":"2026-04-30T10:05:59","modified_gmt":"2026-04-30T08:05:59","slug":"vie-val-dis","status":"publish","type":"page","link":"https:\/\/www.vievaldis.com\/valdisere\/","title":{"rendered":"Accueil"},"content":{"rendered":"<p>[vc_row full_width=\u00a0\u00bbstretch_row_content_no_spaces\u00a0\u00bb][vc_column][corpboot_content_slider style_slider=\u00a0\u00bbmodern\u00a0\u00bb][corpboot_content_slider_item style_sliders=\u00a0\u00bbmodern\u00a0\u00bb image=\u00a0\u00bb10746&Prime; title=\u00a0\u00bbBilan fin<strong>de saison<\/strong>\u00a0\u00bb button=\u00a0\u00bburl:https%3A%2F%2Fforms.gle%2F7grJxQoGHJrtoni28|title:R%C3%A9pondre%20au%20questionnaire|target:%20_blank|\u00a0\u00bb][\/corpboot_content_slider_item][corpboot_content_slider_item style_sliders=\u00a0\u00bbmodern\u00a0\u00bb image=\u00a0\u00bb3672&Prime; title=\u00a0\u00bbVie <strong>Val d&rsquo;Is<\/strong>\u00a0\u00bb button=\u00a0\u00bburl:https%3A%2F%2Fwww.vievaldis.com%2Fvaldisere%2Fcomment-lobtenir%2F|title:Adh%C3%A9rer%20%C3%A0%20Vie%20Val%20d&rsquo;Is|target:%20_blank|\u00a0\u00bb][\/corpboot_content_slider_item][corpboot_content_slider_item style_sliders=\u00a0\u00bbmodern\u00a0\u00bb image=\u00a0\u00bb10736&Prime; button=\u00a0\u00bburl:https%3A%2F%2Fwww.vievaldis.com%2Fvaldisere%2Fcomment-soutenir-lassociation%2F|title:Faire%20un%20don|target:%20_blank|\u00a0\u00bb title=\u00a0\u00bbSoutenir<strong> l&rsquo;association<\/strong>\u00ab\u00a0][\/corpboot_content_slider_item][\/corpboot_content_slider][\/vc_column][\/vc_row][vc_row full_width=\u00a0\u00bbstretch_row\u00a0\u00bb large_desctop_pt=\u00a0\u00bbpadding-lg-60t\u00a0\u00bb large_desctop_pb=\u00a0\u00bbpadding-lg-60b\u00a0\u00bb desctop_pt=\u00a0\u00bbpadding-md-60t\u00a0\u00bb desctop_pb=\u00a0\u00bbpadding-md-60b\u00a0\u00bb tablets_pt=\u00a0\u00bbpadding-sm-60t\u00a0\u00bb tablets_pb=\u00a0\u00bbpadding-sm-60b\u00a0\u00bb mobile_pt=\u00a0\u00bbpadding-xs-60t\u00a0\u00bb mobile_pb=\u00a0\u00bbpadding-xs-60b\u00a0\u00bb][vc_column css=\u00a0\u00bb.vc_custom_1689929920762{padding-top: 0px !important;}\u00a0\u00bb][vc_single_image image=\u00a0\u00bb10764&Prime; img_size=\u00a0\u00bblarge\u00a0\u00bb alignment=\u00a0\u00bbcenter\u00a0\u00bb onclick=\u00a0\u00bbcustom_link\u00a0\u00bb img_link_target=\u00a0\u00bb_blank\u00a0\u00bb][corpboot_title_block title_align=\u00a0\u00bbtitle-r\u00a0\u00bb title=\u00a0\u00bbDERNIERES INFOS\u00a0\u00bb][corpboot_blog limit=\u00a0\u00bb5&Prime;][corpboot_title_block title=\u00a0\u00bbQUI SOMMES NOUS ?\u00a0\u00bb][vc_row_inner][vc_column_inner width=\u00a0\u00bb1\/2&Prime;][vc_column_text]<a href=\"https:\/\/www.vievaldis.com\/valdisere\/wp-content\/uploads\/2021\/04\/VVD-cestquoi.png\" target=\"_blank\" rel=\"noopener\"><img loading=\"lazy\" class=\"alignnone wp-image-3986 size-full\" src=\"https:\/\/www.vievaldis.com\/valdisere\/wp-content\/uploads\/2021\/04\/VVD-cestquoi.png\" alt=\"\" width=\"2245\" height=\"1587\" srcset=\"https:\/\/www.vievaldis.com\/valdisere\/wp-content\/uploads\/2021\/04\/VVD-cestquoi.png 2245w, https:\/\/www.vievaldis.com\/valdisere\/wp-content\/uploads\/2021\/04\/VVD-cestquoi-300x212.png 300w, https:\/\/www.vievaldis.com\/valdisere\/wp-content\/uploads\/2021\/04\/VVD-cestquoi-1024x724.png 1024w, https:\/\/www.vievaldis.com\/valdisere\/wp-content\/uploads\/2021\/04\/VVD-cestquoi-768x543.png 768w, https:\/\/www.vievaldis.com\/valdisere\/wp-content\/uploads\/2021\/04\/VVD-cestquoi-1536x1086.png 1536w, https:\/\/www.vievaldis.com\/valdisere\/wp-content\/uploads\/2021\/04\/VVD-cestquoi-2048x1448.png 2048w\" sizes=\"(max-width: 2245px) 100vw, 2245px\" \/><\/a>[\/vc_column_text][\/vc_column_inner][vc_column_inner width=\u00a0\u00bb1\/2&Prime;][vc_column_text]<strong>Vie Val d&rsquo;Is<\/strong> est une association pour les employ\u00e9.s de <strong>Val d\u2019Is\u00e8re<\/strong> et leur famille. Cette association est n\u00e9e de la volont\u00e9 d&rsquo;acteur.rices locaux d\u2019am\u00e9liorer les conditions de vie des personnes travaillant et r\u00e9sidant \u00e0 Val d\u2019Is\u00e8re <strong>\u00e0 l\u2019ann\u00e9e ou en saison.<\/strong><\/p>\n<p><strong>Ses objectifs sont les suivants :<\/strong><\/p>\n<p>Informer, orienter et accompagner dans les domaines de la recherche d\u2019emploi, du droit, de la formation, du logement et de la sant\u00e9 notamment dans le cadre de son statut d\u2019espace saisonnier.es,<\/p>\n<p>Contribuer au d\u00e9veloppement d\u2019activit\u00e9s en saison et en intersaison,<\/p>\n<p>Encourager la solidarit\u00e9 locale, notamment la r\u00e9duction du co\u00fbt de la vie,<\/p>\n<p>Favoriser le tissu social par le d\u00e9veloppement du secteur associatif,<\/p>\n<p>D\u00e9velopper un partenariat avec les services et les structures existantes sur la station ou avec d\u2019autres organismes.<\/p>\n<p>L\u2019association s\u2019appuie sur une trentaine de b\u00e9n\u00e9voles actif.ves pr\u00e9sent.es \u00e0 l\u2019ann\u00e9e ou pendant la saison d\u2019hiver, sur ses salari\u00e9.es et ses partenaires.[\/vc_column_text][\/vc_column_inner][vc_column_inner][\/vc_column_inner][\/vc_row_inner][\/vc_column][vc_column][\/vc_column][vc_column][\/vc_column][vc_column][\/vc_column][\/vc_row][vc_row full_width=\u00a0\u00bbstretch_row\u00a0\u00bb large_desctop_pt=\u00a0\u00bbpadding-lg-60t\u00a0\u00bb large_desctop_pb=\u00a0\u00bbpadding-lg-60b\u00a0\u00bb desctop_pt=\u00a0\u00bbpadding-md-60t\u00a0\u00bb desctop_pb=\u00a0\u00bbpadding-md-60b\u00a0\u00bb tablets_pt=\u00a0\u00bbpadding-sm-60t\u00a0\u00bb tablets_pb=\u00a0\u00bbpadding-sm-60b\u00a0\u00bb mobile_pt=\u00a0\u00bbpadding-xs-60t\u00a0\u00bb mobile_pb=\u00a0\u00bbpadding-xs-60b\u00a0\u00bb css=\u00a0\u00bb.vc_custom_1485474415924{background-color: rgba(69,90,100,0.06) !important;*background-color: rgb(69,90,100) !important;}\u00a0\u00bb][vc_column css=\u00a0\u00bb.vc_custom_1485852427087{padding-top: 0px !important;}\u00a0\u00bb][corpboot_call_action title=\u00a0\u00bbOFFRES D&rsquo;EMPLOI\u00a0\u00bb link=\u00a0\u00bburl:https%3A%2F%2Fwww.vievaldis.com%2Fvaldisere%2Fnos-offres%2F|title:Consultez%20nos%20offres||\u00a0\u00bb bg_action=\u00a0\u00bb829&Prime;]Vous cherchez un emploi saisonnier \u00e0 Val d&rsquo;Is\u00e8re, consultez les offres de l&rsquo;association Vie Val d&rsquo;Is.[\/corpboot_call_action][\/vc_column][\/vc_row][vc_row full_width=\u00a0\u00bbstretch_row_content_no_spaces\u00a0\u00bb][vc_column][\/vc_column][\/vc_row][vc_row full_width=\u00a0\u00bbstretch_row\u00a0\u00bb large_desctop_pt=\u00a0\u00bbpadding-lg-60t\u00a0\u00bb large_desctop_pb=\u00a0\u00bbpadding-lg-60b\u00a0\u00bb desctop_pt=\u00a0\u00bbpadding-md-60t\u00a0\u00bb desctop_pb=\u00a0\u00bbpadding-md-60b\u00a0\u00bb tablets_pt=\u00a0\u00bbpadding-sm-60t\u00a0\u00bb tablets_pb=\u00a0\u00bbpadding-sm-60b\u00a0\u00bb mobile_pt=\u00a0\u00bbpadding-xs-60t\u00a0\u00bb mobile_pb=\u00a0\u00bbpadding-xs-60b\u00a0\u00bb][vc_column][corpboot_title_block title=\u00a0\u00bbNOS PARTENAIRES\u00a0\u00bb][corpboot_clients autoplay=\u00a0\u00bbyes\u00a0\u00bb speed=\u00a0\u00bb3000&Prime; slides=\u00a0\u00bb6&Prime; items=\u00a0\u00bb%5B%7B%22image%22%3A%227526%22%2C%22logo_link%22%3A%22url%3Ahttps%253A%252F%252Fwww.valdisere.com%7C%7Ctarget%3A%2520_blank%7C%22%7D%2C%7B%22image%22%3A%2295%22%2C%22logo_link%22%3A%22url%3Ahttp%253A%252F%252Fwww.radiovaldisere.com%7C%7Ctarget%3A%2520_blank%7C%22%7D%2C%7B%22image%22%3A%22190%22%2C%22logo_link%22%3A%22url%3Ahttps%253A%252F%252Fwww.ameli.fr%252Fsavoie%7C%7Ctarget%3A%2520_blank%7C%22%7D%2C%7B%22image%22%3A%22194%22%2C%22logo_link%22%3A%22url%3Ahttp%253A%252F%252Fwww.caf.fr%252F%7C%7Ctarget%3A%2520_blank%7C%22%7D%2C%7B%22image%22%3A%229660%22%2C%22logo_link%22%3A%22url%3Ahttps%253A%252F%252Fwww.pole-emploi.fr%252Faccueil%252F%7C%7Ctarget%3A%2520_blank%7C%22%7D%2C%7B%22image%22%3A%22193%22%2C%22logo_link%22%3A%22url%3Ahttps%253A%252F%252Fwww.actionlogement.fr%252F%7C%7Ctarget%3A%2520_blank%7C%22%7D%2C%7B%22image%22%3A%227676%22%2C%22logo_link%22%3A%22url%3Ahttps%253A%252F%252Fwww.valdisere.fr%252F%7C%7Ctarget%3A%2520_blank%7C%22%7D%2C%7B%22image%22%3A%227522%22%2C%22logo_link%22%3A%22url%3Ahttps%253A%252F%252Fwww.le-pelican.org%252F%7C%7C%7C%22%7D%5D\u00a0\u00bb][\/vc_column][\/vc_row]<\/p>\n","protected":false},"excerpt":{"rendered":"<p>[vc_row full_width=\u00a0\u00bbstretch_row_content_no_spaces\u00a0\u00bb][vc_column][corpboot_content_slider style_slider=\u00a0\u00bbmodern\u00a0\u00bb][corpboot_content_slider_item style_sliders=\u00a0\u00bbmodern\u00a0\u00bb image=\u00a0\u00bb10746&Prime; title=\u00a0\u00bbBilan finde saison\u00a0\u00bb button=\u00a0\u00bburl:https%3A%2F%2Fforms.gle%2F7grJxQoGHJrtoni28|title:R%C3%A9pondre%20au%20questionnaire|target:%20_blank|\u00a0\u00bb][\/corpboot_content_slider_item][corpboot_content_slider_item style_sliders=\u00a0\u00bbmodern\u00a0\u00bb image=\u00a0\u00bb3672&Prime; title=\u00a0\u00bbVie Val d&rsquo;Is\u00a0\u00bb button=\u00a0\u00bburl:https%3A%2F%2Fwww.vievaldis.com%2Fvaldisere%2Fcomment-lobtenir%2F|title:Adh%C3%A9rer%20%C3%A0%20Vie%20Val%20d&rsquo;Is|target:%20_blank|\u00a0\u00bb][\/corpboot_content_slider_item][corpboot_content_slider_item style_sliders=\u00a0\u00bbmodern\u00a0\u00bb image=\u00a0\u00bb10736&Prime; button=\u00a0\u00bburl:https%3A%2F%2Fwww.vievaldis.com%2Fvaldisere%2Fcomment-soutenir-lassociation%2F|title:Faire%20un%20don|target:%20_blank|\u00a0\u00bb title=\u00a0\u00bbSoutenir l&rsquo;association\u00ab\u00a0][\/corpboot_content_slider_item][\/corpboot_content_slider][\/vc_column][\/vc_row][vc_row full_width=\u00a0\u00bbstretch_row\u00a0\u00bb large_desctop_pt=\u00a0\u00bbpadding-lg-60t\u00a0\u00bb large_desctop_pb=\u00a0\u00bbpadding-lg-60b\u00a0\u00bb desctop_pt=\u00a0\u00bbpadding-md-60t\u00a0\u00bb desctop_pb=\u00a0\u00bbpadding-md-60b\u00a0\u00bb tablets_pt=\u00a0\u00bbpadding-sm-60t\u00a0\u00bb tablets_pb=\u00a0\u00bbpadding-sm-60b\u00a0\u00bb mobile_pt=\u00a0\u00bbpadding-xs-60t\u00a0\u00bb mobile_pb=\u00a0\u00bbpadding-xs-60b\u00a0\u00bb][vc_column css=\u00a0\u00bb.vc_custom_1689929920762{padding-top: 0px !important;}\u00a0\u00bb][vc_single_image&#8230;<\/p>\n","protected":false},"author":1,"featured_media":0,"parent":0,"menu_order":0,"comment_status":"closed","ping_status":"closed","template":"","meta":[],"_links":{"self":[{"href":"https:\/\/www.vievaldis.com\/valdisere\/wp-json\/wp\/v2\/pages\/8"}],"collection":[{"href":"https:\/\/www.vievaldis.com\/valdisere\/wp-json\/wp\/v2\/pages"}],"about":[{"href":"https:\/\/www.vievaldis.com\/valdisere\/wp-json\/wp\/v2\/types\/page"}],"author":[{"embeddable":true,"href":"https:\/\/www.vievaldis.com\/valdisere\/wp-json\/wp\/v2\/users\/1"}],"replies":[{"embeddable":true,"href":"https:\/\/www.vievaldis.com\/valdisere\/wp-json\/wp\/v2\/comments?post=8"}],"version-history":[{"count":466,"href":"https:\/\/www.vievaldis.com\/valdisere\/wp-json\/wp\/v2\/pages\/8\/revisions"}],"predecessor-version":[{"id":10765,"href":"https:\/\/www.vievaldis.com\/valdisere\/wp-json\/wp\/v2\/pages\/8\/revisions\/10765"}],"wp:attachment":[{"href":"https:\/\/www.vievaldis.com\/valdisere\/wp-json\/wp\/v2\/media?parent=8"}],"curies":[{"name":"wp","href":"https:\/\/api.w.org\/{rel}","templated":true}]}}

<p>[vc_row full_width= »stretch_row_content_no_spaces »][vc_column][corpboot_content_slider style_slider= »modern »][corpboot_content_slider_item style_sliders= »modern » image= »10746&Prime; title= »Bilan fin<strong>de saison</strong> » button= »url:https%3A%2F%2Fforms.gle%2F7grJxQoGHJrtoni28|title:R%C3%A9pondre%20au%20questionnaire|target:%20_blank| »][/corpboot_content_slider_item][corpboot_content_slider_item style_sliders= »modern » image= »3672&Prime; title= »Vie <strong>Val d&rsquo;Is</strong> » button= »url:https%3A%2F%2Fwww.vievaldis.com%2Fvaldisere%2Fcomment-lobtenir%2F|title:Adh%C3%A9rer%20%C3%A0%20Vie%20Val%20d&rsquo;Is|target:%20_blank| »][/corpboot_content_slider_item][corpboot_content_slider_item style_sliders= »modern » image= »10736&Prime; button= »url:https%3A%2F%2Fwww.vievaldis.com%2Fvaldisere%2Fcomment-soutenir-lassociation%2F|title:Faire%20un%20don|target:%20_blank| » title= »Soutenir<strong> l&rsquo;association</strong>« ][/corpboot_content_slider_item][/corpboot_content_slider][/vc_column][/vc_row][vc_row full_width= »stretch_row » large_desctop_pt= »padding-lg-60t » large_desctop_pb= »padding-lg-60b » desctop_pt= »padding-md-60t » desctop_pb= »padding-md-60b » tablets_pt= »padding-sm-60t » tablets_pb= »padding-sm-60b » mobile_pt= »padding-xs-60t » mobile_pb= »padding-xs-60b »][vc_column css= ».vc_custom_1689929920762{padding-top: 0px !important;} »][vc_single_image image= »10764&Prime; img_size= »large » alignment= »center » onclick= »custom_link » img_link_target= »_blank »][corpboot_title_block title_align= »title-r » title= »DERNIERES INFOS »][corpboot_blog limit= »5&Prime;][corpboot_title_block title= »QUI SOMMES NOUS ? »][vc_row_inner][vc_column_inner width= »1/2&Prime;][vc_column_text]<a href="https://www.vievaldis.com/valdisere/wp-content/uploads/2021/04/VVD-cestquoi.png" target="_blank" rel="noopener"><img loading="lazy" class="alignnone wp-image-3986 size-full" src="https://www.vievaldis.com/valdisere/wp-content/uploads/2021/04/VVD-cestquoi.png" alt="" width="2245" height="1587" srcset="https://www.vievaldis.com/valdisere/wp-content/uploads/2021/04/VVD-cestquoi.png 2245w, https://www.vievaldis.com/valdisere/wp-content/uploads/2021/04/VVD-cestquoi-300x212.png 300w, https://www.vievaldis.com/valdisere/wp-content/uploads/2021/04/VVD-cestquoi-1024x724.png 1024w, https://www.vievaldis.com/valdisere/wp-content/uploads/2021/04/VVD-cestquoi-768x543.png 768w, https://www.vievaldis.com/valdisere/wp-content/uploads/2021/04/VVD-cestquoi-1536x1086.png 1536w, https://www.vievaldis.com/valdisere/wp-content/uploads/2021/04/VVD-cestquoi-2048x1448.png 2048w" sizes="(max-width: 2245px) 100vw, 2245px" /></a>[/vc_column_text][/vc_column_inner][vc_column_inner width= »1/2&Prime;][vc_column_text]<strong>Vie Val d&rsquo;Is</strong> est une association pour les employé.s de <strong>Val d’Isère</strong> et leur famille. Cette association est née de la volonté d&rsquo;acteur.rices locaux d’améliorer les conditions de vie des personnes travaillant et résidant à Val d’Isère <strong>à l’année ou en saison.</strong></p>
<p><strong>Ses objectifs sont les suivants :</strong></p>
<p>Informer, orienter et accompagner dans les domaines de la recherche d’emploi, du droit, de la formation, du logement et de la santé notamment dans le cadre de son statut d’espace saisonnier.es,</p>
<p>Contribuer au développement d’activités en saison et en intersaison,</p>
<p>Encourager la solidarité locale, notamment la réduction du coût de la vie,</p>
<p>Favoriser le tissu social par le développement du secteur associatif,</p>
<p>Développer un partenariat avec les services et les structures existantes sur la station ou avec d’autres organismes.</p>
<p>L’association s’appuie sur une trentaine de bénévoles actif.ves présent.es à l’année ou pendant la saison d’hiver, sur ses salarié.es et ses partenaires.[/vc_column_text][/vc_column_inner][vc_column_inner][/vc_column_inner][/vc_row_inner][/vc_column][vc_column][/vc_column][vc_column][/vc_column][vc_column][/vc_column][/vc_row][vc_row full_width= »stretch_row » large_desctop_pt= »padding-lg-60t » large_desctop_pb= »padding-lg-60b » desctop_pt= »padding-md-60t » desctop_pb= »padding-md-60b » tablets_pt= »padding-sm-60t » tablets_pb= »padding-sm-60b » mobile_pt= »padding-xs-60t » mobile_pb= »padding-xs-60b » css= ».vc_custom_1485474415924{background-color: rgba(69,90,100,0.06) !important;*background-color: rgb(69,90,100) !important;} »][vc_column css= ».vc_custom_1485852427087{padding-top: 0px !important;} »][corpboot_call_action title= »OFFRES D&rsquo;EMPLOI » link= »url:https%3A%2F%2Fwww.vievaldis.com%2Fvaldisere%2Fnos-offres%2F|title:Consultez%20nos%20offres|| » bg_action= »829&Prime;]Vous cherchez un emploi saisonnier à Val d&rsquo;Isère, consultez les offres de l&rsquo;association Vie Val d&rsquo;Is.[/corpboot_call_action][/vc_column][/vc_row][vc_row full_width= »stretch_row_content_no_spaces »][vc_column][/vc_column][/vc_row][vc_row full_width= »stretch_row » large_desctop_pt= »padding-lg-60t » large_desctop_pb= »padding-lg-60b » desctop_pt= »padding-md-60t » desctop_pb= »padding-md-60b » tablets_pt= »padding-sm-60t » tablets_pb= »padding-sm-60b » mobile_pt= »padding-xs-60t » mobile_pb= »padding-xs-60b »][vc_column][corpboot_title_block title= »NOS PARTENAIRES »][corpboot_clients autoplay= »yes » speed= »3000&Prime; slides= »6&Prime; items= »%5B%7B%22image%22%3A%227526%22%2C%22logo_link%22%3A%22url%3Ahttps%253A%252F%252Fwww.valdisere.com%7C%7Ctarget%3A%2520_blank%7C%22%7D%2C%7B%22image%22%3A%2295%22%2C%22logo_link%22%3A%22url%3Ahttp%253A%252F%252Fwww.radiovaldisere.com%7C%7Ctarget%3A%2520_blank%7C%22%7D%2C%7B%22image%22%3A%22190%22%2C%22logo_link%22%3A%22url%3Ahttps%253A%252F%252Fwww.ameli.fr%252Fsavoie%7C%7Ctarget%3A%2520_blank%7C%22%7D%2C%7B%22image%22%3A%22194%22%2C%22logo_link%22%3A%22url%3Ahttp%253A%252F%252Fwww.caf.fr%252F%7C%7Ctarget%3A%2520_blank%7C%22%7D%2C%7B%22image%22%3A%229660%22%2C%22logo_link%22%3A%22url%3Ahttps%253A%252F%252Fwww.pole-emploi.fr%252Faccueil%252F%7C%7Ctarget%3A%2520_blank%7C%22%7D%2C%7B%22image%22%3A%22193%22%2C%22logo_link%22%3A%22url%3Ahttps%253A%252F%252Fwww.actionlogement.fr%252F%7C%7Ctarget%3A%2520_blank%7C%22%7D%2C%7B%22image%22%3A%227676%22%2C%22logo_link%22%3A%22url%3Ahttps%253A%252F%252Fwww.valdisere.fr%252F%7C%7Ctarget%3A%2520_blank%7C%22%7D%2C%7B%22image%22%3A%227522%22%2C%22logo_link%22%3A%22url%3Ahttps%253A%252F%252Fwww.le-pelican.org%252F%7C%7C%7C%22%7D%5D »][/vc_column][/vc_row]</p>
