{"id":8080,"date":"2023-10-10T10:11:29","date_gmt":"2023-10-10T08:11:29","guid":{"rendered":"https:\/\/www.vievaldis.com\/valdisere\/?page_id=8080"},"modified":"2024-06-19T15:43:38","modified_gmt":"2024-06-19T13:43:38","slug":"faq","status":"publish","type":"page","link":"https:\/\/www.vievaldis.com\/valdisere\/faq\/","title":{"rendered":"FAQ"},"content":{"rendered":"<h2 class=\"marg-top-sm\"><strong>VIE VAL D&rsquo;IS<\/strong><\/h2>\n<ul>\n<li><strong>Comment puis-je m\u2019engager \u00e0 Vie Val d\u2019Is ?<\/strong><\/li>\n<\/ul>\n<div class=\"flex-container flex-dir-column-reverse\">\n<details class=\"isRel\">\n<div id=\"close-details\" class=\"cta-sheet-link marg-top-sm\">\n<p>Ponctuellement sur nos \u00e9v\u00e8nements, en proposant une activit\u00e9 ou en participant aux diff\u00e9rents groupe de travail \u00a0&#x1f60a;<\/p>\n<\/div>\n<\/details>\n<\/div>\n<ul>\n<li><strong>Puis-je adh\u00e9rer \u00e0 Vie Val d\u2019Is si je ne travaille pas sur Val d\u2019Is\u00e8re ?<\/strong><\/li>\n<\/ul>\n<div class=\"flex-container flex-dir-column-reverse\">\n<details class=\"isRel\">\n<div id=\"close-details\" class=\"cta-sheet-link marg-top-sm\"><span class=\"cta-sheet-link-label\">\u00a0<\/span><\/div>\n<div class=\"marg-top-sm\">Non, l\u2019adh\u00e9sion est r\u00e9serv\u00e9e aux personnes travaillant sur Val d\u2019Is\u00e8re sur pr\u00e9sentation de justificatifs<br \/>\nPlus d\u2019infos :<a href=\"https:\/\/www.vievaldis.com\/valdisere\/wp-content\/uploads\/2023\/11\/Qui-peut-adherer-a-Vie-Val-dIs.pdf\" target=\"_blank\" rel=\"noopener\"> https:\/\/www.vievaldis.com\/valdisere\/wp-content\/uploads\/2023\/11\/Qui-peut-adherer-a-Vie-Val-dIs.pdf<\/a><\/div>\n<\/details>\n<\/div>\n<ul>\n<li><strong>Quels sont les avantages avec la carte d\u2019adh\u00e9sion \u00e0 Vie val d\u2019Is ?<\/strong><\/li>\n<\/ul>\n<div class=\"flex-container flex-dir-column-reverse\">\n<details class=\"isRel\">\n<div class=\"marg-top-sm\">\n<p>Un acc\u00e8s gratuit \u00e0 l\u2019ensemble des activit\u00e9s mises en place par l\u2019association, des r\u00e9ductions dans les commerces partenaires et une adh\u00e9sion \u00e0 Actimut (assurance activit\u00e9s sportives de loisirs \u00e9t\u00e9 et hiver)<\/p>\n<\/div>\n<\/details>\n<\/div>\n<ul>\n<li><strong>Est-ce que je peux m\u2019inscrire sur la liste de gardes d\u2019enfants ?<\/strong><\/li>\n<\/ul>\n<div class=\"flex-container flex-dir-column-reverse\">\n<details class=\"isRel\">\n<div id=\"close-details\" class=\"cta-sheet-link marg-top-sm\"><\/div>\n<div class=\"marg-top-sm\">\n<p>l\u2019inscription sur la liste est gratuite et r\u00e9serv\u00e9e aux adh\u00e9rent.es de l\u2019association<\/p>\n<\/div>\n<\/details>\n<\/div>\n<ul>\n<li><strong>Puis-je acc\u00e9der \u00e0 la friperie ?<\/strong><\/li>\n<\/ul>\n<div class=\"flex-container flex-dir-column-reverse\">\n<details class=\"isRel\">\n<div id=\"close-details\" class=\"cta-sheet-link marg-top-sm\"><\/div>\n<div class=\"marg-top-sm\">\n<p>L\u2019acc\u00e8s est r\u00e9serv\u00e9 aux adh\u00e9rent.es de l\u2019association<\/p>\n<\/div>\n<\/details>\n<\/div>\n<ul>\n<li><strong>L\u2019association Vie Val d\u2019Is peut-elle m\u2019aider \u00e0 trouver un logement ?<\/strong><\/li>\n<\/ul>\n<div class=\"flex-container flex-dir-column-reverse\">\n<details class=\"isRel\">\n<div id=\"close-details\" class=\"cta-sheet-link marg-top-sm\"><\/div>\n<div class=\"marg-top-sm\">\n<p>La question du logement est une probl\u00e9matique majeure pour la station.Malheureusement, notre association n\u2019a aucune offre de logement \u00e0 vous proposer<\/p>\n<\/div>\n<\/details>\n<\/div>\n<p>&nbsp;<\/p>\n<p>&nbsp;<\/p>\n<h2><strong>ASSURANCE<\/strong><\/h2>\n<ul>\n<li><strong>Est ce que je peux me faire rembourser mon mat\u00e9riel de ski\/snow suite \u00e0 un accident?<\/strong><\/li>\n<\/ul>\n<div class=\"flex-container flex-dir-column-reverse\">\n<details class=\"isRel\">\n<div id=\"close-details\" class=\"cta-sheet-link marg-top-sm\"><\/div>\n<div class=\"marg-top-sm\">C\u2019est possible, si la chute a bien eu lieu dans le cadre d\u2019une activit\u00e9 de loisir.<\/div>\n<\/details>\n<\/div>\n<ul>\n<li><strong>Puis-je me faire rapatrier ?<\/strong><\/li>\n<\/ul>\n<div class=\"flex-container flex-dir-column-reverse\">\n<details class=\"isRel\">\n<div id=\"close-details\" class=\"cta-sheet-link marg-top-sm\"><\/div>\n<div class=\"marg-top-sm\">\n<p>Le rapatriement retour n\u2019est PAS pris en charge par ACTIMUT. Se rapprocher de sa responsabilit\u00e9 civile \/ assurance priv\u00e9. Voir aussi parfois avec la Carte Bleue.<\/p>\n<\/div>\n<\/details>\n<\/div>\n<ul>\n<li><strong>Si je fais un malaise sur les pistes ou que j&rsquo;ai peur de descendre une piste, suis-je couvert\u00b7e?<\/strong><\/li>\n<\/ul>\n<div class=\"flex-container flex-dir-column-reverse\">\n<details class=\"isRel\">\n<div id=\"close-details\" class=\"cta-sheet-link marg-top-sm\"><\/div>\n<div class=\"marg-top-sm\">\n<p>Non, cela n&rsquo;est pas couvert par notre contrat.<\/p>\n<\/div>\n<\/details>\n<\/div>\n<ul>\n<li><strong>Est-ce que l&rsquo;ambulance est prise en charge ?<\/strong><\/li>\n<\/ul>\n<div class=\"flex-container flex-dir-column-reverse\">\n<details class=\"isRel\">\n<div id=\"close-details\" class=\"cta-sheet-link marg-top-sm\"><\/div>\n<div class=\"marg-top-sm\">Les garanties Actimut s&rsquo;appliquent pour les secours en \u00ab\u00a0barquette\u00a0\u00bb jusqu&rsquo;en bas des pistes et en ambulance \u00ab\u00a0bas des pistes vers le cabinet m\u00e9dical ou h\u00f4pital le plus proche\u00a0\u00bb<br \/>\nPour les\u00a0 factures d&rsquo;ambulance \u00ab\u00a0trajet cabinet m\u00e9dical vers l&rsquo;h\u00f4pital\u00a0\u00bb. \u00c9tant donn\u00e9 qu&rsquo;il ne s&rsquo;agit pas du trajet \u00ab\u00a0bas des pistes vers le cabinet m\u00e9dical\u00a0\u00bb ses factures sont \u00e0 envoyer \u00e0 la S\u00e9curit\u00e9 Sociale pour demander le remboursement.<\/div>\n<\/details>\n<\/div>\n<ul>\n<li><strong>Suis-je couvert\u00b7e si je fais du hors piste ?<\/strong><\/li>\n<\/ul>\n<div class=\"flex-container flex-dir-column-reverse\">\n<details class=\"isRel\">\n<div id=\"close-details\" class=\"cta-sheet-link marg-top-sm\"><\/div>\n<div class=\"marg-top-sm\">Oui le hors piste est couvert.<\/div>\n<\/details>\n<\/div>\n<ul>\n<li><strong>Suis-je couvert\u00b7e si je ski\/snow sur une piste ferm\u00e9e ?<\/strong><\/li>\n<\/ul>\n<div class=\"flex-container flex-dir-column-reverse\">\n<details class=\"isRel\">\n<div id=\"close-details\" class=\"cta-sheet-link marg-top-sm\"><\/div>\n<div class=\"marg-top-sm\">\n<p>Non, lorsque la piste est ferm\u00e9e, son acc\u00e8s et la pratique du ski (m\u00eame ski de piste) est interdite. Ceci est consid\u00e9r\u00e9 comme \u00ab\u00a0non respect des r\u00e8gles et des consignes donn\u00e9es par les professionnels\u00a0\u00bb. Ce n&rsquo;est en aucun cas consid\u00e9r\u00e9 comme du \u00ab\u00a0hors piste\u00a0\u00bb. De ce fait, les garanties Actimut ne s&rsquo;appliquent pas.<\/p>\n<\/div>\n<\/details>\n<\/div>\n","protected":false},"excerpt":{"rendered":"<p>VIE VAL D&rsquo;IS Comment puis-je m\u2019engager \u00e0 Vie Val d\u2019Is ? Ponctuellement sur nos \u00e9v\u00e8nements, en proposant une activit\u00e9 ou en participant aux diff\u00e9rents groupe de travail \u00a0&#x1f60a; Puis-je adh\u00e9rer \u00e0 Vie&#8230;<\/p>\n","protected":false},"author":1,"featured_media":0,"parent":0,"menu_order":0,"comment_status":"closed","ping_status":"closed","template":"","meta":[],"_links":{"self":[{"href":"https:\/\/www.vievaldis.com\/valdisere\/wp-json\/wp\/v2\/pages\/8080"}],"collection":[{"href":"https:\/\/www.vievaldis.com\/valdisere\/wp-json\/wp\/v2\/pages"}],"about":[{"href":"https:\/\/www.vievaldis.com\/valdisere\/wp-json\/wp\/v2\/types\/page"}],"author":[{"embeddable":true,"href":"https:\/\/www.vievaldis.com\/valdisere\/wp-json\/wp\/v2\/users\/1"}],"replies":[{"embeddable":true,"href":"https:\/\/www.vievaldis.com\/valdisere\/wp-json\/wp\/v2\/comments?post=8080"}],"version-history":[{"count":32,"href":"https:\/\/www.vievaldis.com\/valdisere\/wp-json\/wp\/v2\/pages\/8080\/revisions"}],"predecessor-version":[{"id":8878,"href":"https:\/\/www.vievaldis.com\/valdisere\/wp-json\/wp\/v2\/pages\/8080\/revisions\/8878"}],"wp:attachment":[{"href":"https:\/\/www.vievaldis.com\/valdisere\/wp-json\/wp\/v2\/media?parent=8080"}],"curies":[{"name":"wp","href":"https:\/\/api.w.org\/{rel}","templated":true}]}}

<h2 class="marg-top-sm"><strong>VIE VAL D&rsquo;IS</strong></h2>
<ul>
<li><strong>Comment puis-je m’engager à Vie Val d’Is ?</strong></li>
</ul>
<div class="flex-container flex-dir-column-reverse">
<details class="isRel">
<div id="close-details" class="cta-sheet-link marg-top-sm">
<p>Ponctuellement sur nos évènements, en proposant une activité ou en participant aux différents groupe de travail  &#x1f60a;</p>
</div>
</details>
</div>
<ul>
<li><strong>Puis-je adhérer à Vie Val d’Is si je ne travaille pas sur Val d’Isère ?</strong></li>
</ul>
<div class="flex-container flex-dir-column-reverse">
<details class="isRel">
<div id="close-details" class="cta-sheet-link marg-top-sm"><span class="cta-sheet-link-label"> </span></div>
<div class="marg-top-sm">Non, l’adhésion est réservée aux personnes travaillant sur Val d’Isère sur présentation de justificatifs<br />
Plus d’infos :<a href="https://www.vievaldis.com/valdisere/wp-content/uploads/2023/11/Qui-peut-adherer-a-Vie-Val-dIs.pdf" target="_blank" rel="noopener"> https://www.vievaldis.com/valdisere/wp-content/uploads/2023/11/Qui-peut-adherer-a-Vie-Val-dIs.pdf</a></div>
</details>
</div>
<ul>
<li><strong>Quels sont les avantages avec la carte d’adhésion à Vie val d’Is ?</strong></li>
</ul>
<div class="flex-container flex-dir-column-reverse">
<details class="isRel">
<div class="marg-top-sm">
<p>Un accès gratuit à l’ensemble des activités mises en place par l’association, des réductions dans les commerces partenaires et une adhésion à Actimut (assurance activités sportives de loisirs été et hiver)</p>
</div>
</details>
</div>
<ul>
<li><strong>Est-ce que je peux m’inscrire sur la liste de gardes d’enfants ?</strong></li>
</ul>
<div class="flex-container flex-dir-column-reverse">
<details class="isRel">
<div id="close-details" class="cta-sheet-link marg-top-sm"></div>
<div class="marg-top-sm">
<p>l’inscription sur la liste est gratuite et réservée aux adhérent.es de l’association</p>
</div>
</details>
</div>
<ul>
<li><strong>Puis-je accéder à la friperie ?</strong></li>
</ul>
<div class="flex-container flex-dir-column-reverse">
<details class="isRel">
<div id="close-details" class="cta-sheet-link marg-top-sm"></div>
<div class="marg-top-sm">
<p>L’accès est réservé aux adhérent.es de l’association</p>
</div>
</details>
</div>
<ul>
<li><strong>L’association Vie Val d’Is peut-elle m’aider à trouver un logement ?</strong></li>
</ul>
<div class="flex-container flex-dir-column-reverse">
<details class="isRel">
<div id="close-details" class="cta-sheet-link marg-top-sm"></div>
<div class="marg-top-sm">
<p>La question du logement est une problématique majeure pour la station.Malheureusement, notre association n’a aucune offre de logement à vous proposer</p>
</div>
</details>
</div>
<p>&nbsp;</p>
<p>&nbsp;</p>
<h2><strong>ASSURANCE</strong></h2>
<ul>
<li><strong>Est ce que je peux me faire rembourser mon matériel de ski/snow suite à un accident?</strong></li>
</ul>
<div class="flex-container flex-dir-column-reverse">
<details class="isRel">
<div id="close-details" class="cta-sheet-link marg-top-sm"></div>
<div class="marg-top-sm">C’est possible, si la chute a bien eu lieu dans le cadre d’une activité de loisir.</div>
</details>
</div>
<ul>
<li><strong>Puis-je me faire rapatrier ?</strong></li>
</ul>
<div class="flex-container flex-dir-column-reverse">
<details class="isRel">
<div id="close-details" class="cta-sheet-link marg-top-sm"></div>
<div class="marg-top-sm">
<p>Le rapatriement retour n’est PAS pris en charge par ACTIMUT. Se rapprocher de sa responsabilité civile / assurance privé. Voir aussi parfois avec la Carte Bleue.</p>
</div>
</details>
</div>
<ul>
<li><strong>Si je fais un malaise sur les pistes ou que j&rsquo;ai peur de descendre une piste, suis-je couvert·e?</strong></li>
</ul>
<div class="flex-container flex-dir-column-reverse">
<details class="isRel">
<div id="close-details" class="cta-sheet-link marg-top-sm"></div>
<div class="marg-top-sm">
<p>Non, cela n&rsquo;est pas couvert par notre contrat.</p>
</div>
</details>
</div>
<ul>
<li><strong>Est-ce que l&rsquo;ambulance est prise en charge ?</strong></li>
</ul>
<div class="flex-container flex-dir-column-reverse">
<details class="isRel">
<div id="close-details" class="cta-sheet-link marg-top-sm"></div>
<div class="marg-top-sm">Les garanties Actimut s&rsquo;appliquent pour les secours en « barquette » jusqu&rsquo;en bas des pistes et en ambulance « bas des pistes vers le cabinet médical ou hôpital le plus proche »<br />
Pour les  factures d&rsquo;ambulance « trajet cabinet médical vers l&rsquo;hôpital ». Étant donné qu&rsquo;il ne s&rsquo;agit pas du trajet « bas des pistes vers le cabinet médical » ses factures sont à envoyer à la Sécurité Sociale pour demander le remboursement.</div>
</details>
</div>
<ul>
<li><strong>Suis-je couvert·e si je fais du hors piste ?</strong></li>
</ul>
<div class="flex-container flex-dir-column-reverse">
<details class="isRel">
<div id="close-details" class="cta-sheet-link marg-top-sm"></div>
<div class="marg-top-sm">Oui le hors piste est couvert.</div>
</details>
</div>
<ul>
<li><strong>Suis-je couvert·e si je ski/snow sur une piste fermée ?</strong></li>
</ul>
<div class="flex-container flex-dir-column-reverse">
<details class="isRel">
<div id="close-details" class="cta-sheet-link marg-top-sm"></div>
<div class="marg-top-sm">
<p>Non, lorsque la piste est fermée, son accès et la pratique du ski (même ski de piste) est interdite. Ceci est considéré comme « non respect des règles et des consignes données par les professionnels ». Ce n&rsquo;est en aucun cas considéré comme du « hors piste ». De ce fait, les garanties Actimut ne s&rsquo;appliquent pas.</p>
</div>
</details>
</div>

<p>VIE VAL D&rsquo;IS Comment puis-je m’engager à Vie Val d’Is ? Ponctuellement sur nos évènements, en proposant une activité ou en participant aux différents groupe de travail  &#x1f60a; Puis-je adhérer à Vie&#8230;</p>
