{"id":8234,"date":"2023-11-07T18:35:11","date_gmt":"2023-11-07T17:35:11","guid":{"rendered":"https:\/\/www.vievaldis.com\/valdisere\/?page_id=8234"},"modified":"2026-02-18T18:08:29","modified_gmt":"2026-02-18T17:08:29","slug":"peventions-avalanches","status":"publish","type":"page","link":"https:\/\/www.vievaldis.com\/valdisere\/peventions-avalanches\/","title":{"rendered":"Pr\u00e9ventions avalanches"},"content":{"rendered":"<h2 style=\"text-align: center;\"><img loading=\"lazy\" class=\"aligncenter size-medium wp-image-9478\" src=\"https:\/\/www.vievaldis.com\/valdisere\/wp-content\/uploads\/2024\/12\/Prevention-avalanche1-300x300.jpg\" alt=\"\" width=\"300\" height=\"300\" srcset=\"https:\/\/www.vievaldis.com\/valdisere\/wp-content\/uploads\/2024\/12\/Prevention-avalanche1-300x300.jpg 300w, https:\/\/www.vievaldis.com\/valdisere\/wp-content\/uploads\/2024\/12\/Prevention-avalanche1-1024x1024.jpg 1024w, https:\/\/www.vievaldis.com\/valdisere\/wp-content\/uploads\/2024\/12\/Prevention-avalanche1-150x150.jpg 150w, https:\/\/www.vievaldis.com\/valdisere\/wp-content\/uploads\/2024\/12\/Prevention-avalanche1-768x768.jpg 768w, https:\/\/www.vievaldis.com\/valdisere\/wp-content\/uploads\/2024\/12\/Prevention-avalanche1.jpg 1080w\" sizes=\"(max-width: 300px) 100vw, 300px\" \/>DATES DES PR\u00c9VENTIONS POUR LA SAISON 2025\/26 \u00e0 venir<\/h2>\n<p>&nbsp;<\/p>\n<p>Durant toute la saison d&rsquo;hiver, l&rsquo;association vous propose des pr\u00e9ventions avalanches GRATUITES en partenariat avec 3 professionnels de la glisse.<\/p>\n<p>Pr\u00e9ventions g\u00e9n\u00e9raliste ou \u00e0 th\u00e8mes comme le snowboard ou encore le ski de rando, vous saurez tout pour r\u00e9duire les risques lors de vos sorties hors-pistes.<\/p>\n<p>Ouvert \u00e0 toutes et tous nos adh\u00e9rents de tous niveaux !<\/p>\n<p>&nbsp;<\/p>\n<h4>Pr\u00e9ventions Snowboard :<\/h4>\n<ul>\n<li>2 d\u00e9cembre \u00e019h en salle Galise (-1 de la Maison de Val)<\/li>\n<li>16 d\u00e9cembre \u00e0 19h en salle Galise (-1 de la Maison de Val)<\/li>\n<li>20 janvier \u00e0 19h en salle Galise (-1 de la Maison de Val)<\/li>\n<li>17 mars \u00e0 19h en salle Galise (-1 de la Maison de Val)<\/li>\n<\/ul>\n<h4><\/h4>\n<h4>Pratique recherche DVA par groupe de 4 :<\/h4>\n<ul>\n<li>11 d\u00e9cembre 18h \/ 18h30 \/ 19h \/ 19h30<\/li>\n<li>17 d\u00e9cembre 18h \/ 18h30 \/ 19h \/ 19h30<\/li>\n<li>30 d\u00e9cembre 18h \/ 18h30 \/ 19h \/ 19h30<\/li>\n<\/ul>\n<h4><\/h4>\n<h4>Pr\u00e9vention sp\u00e9ciale ski de randonn\u00e9e :<\/h4>\n<ul>\n<li>22 janvier \u00e0 19h en salle Galise (-1 de la Maison de Val)<\/li>\n<\/ul>\n<p>&nbsp;<\/p>\n<h4>Pr\u00e9vention neige et s\u00e9curit\u00e9 :<\/h4>\n<ul>\n<li>5 janvier \u00e0 18h en salle Galise<\/li>\n<li>26 janvier \u00e0 20h en salle Picheru<\/li>\n<\/ul>\n<p>&nbsp;<\/p>\n<h3>PETIT RAPPEL POUR SE RAFRAICHIR LA MEMOIRE EN FRANCAIS AVEC NOS AMIS DES \u00ab\u00a0BON&rsquo; APPETIT\u00a0\u00bb :<\/h3>\n<p><iframe loading=\"lazy\" title=\"The safety point in partnership with Bon App\u00e9tit | Arva Snow Safety Equipement\" width=\"960\" height=\"540\" src=\"https:\/\/www.youtube.com\/embed\/-So_vW5ZBkw?feature=oembed\" frameborder=\"0\" allow=\"accelerometer; autoplay; clipboard-write; encrypted-media; gyroscope; picture-in-picture; web-share\" referrerpolicy=\"strict-origin-when-cross-origin\" allowfullscreen><\/iframe><\/p>\n<h3>PETIT RAPPEL RANDO AVEC NOS AMIS DES \u00ab\u00a0BON&rsquo; APPETIT\u00a0\u00bb :<\/h3>\n<p><iframe loading=\"lazy\" title=\"Le Point S\u00e9cu #3 : La mont\u00e9e\" width=\"960\" height=\"540\" src=\"https:\/\/www.youtube.com\/embed\/BzokM9SavZA?feature=oembed\" frameborder=\"0\" allow=\"accelerometer; autoplay; clipboard-write; encrypted-media; gyroscope; picture-in-picture; web-share\" referrerpolicy=\"strict-origin-when-cross-origin\" allowfullscreen><\/iframe><\/p>\n<p>&nbsp;<\/p>\n<p>&nbsp;<\/p>\n<p>&nbsp;<\/p>\n","protected":false},"excerpt":{"rendered":"<p>DATES DES PR\u00c9VENTIONS POUR LA SAISON 2025\/26 \u00e0 venir &nbsp; Durant toute la saison d&rsquo;hiver, l&rsquo;association vous propose des pr\u00e9ventions avalanches GRATUITES en partenariat avec 3 professionnels de la glisse. Pr\u00e9ventions g\u00e9n\u00e9raliste&#8230;<\/p>\n","protected":false},"author":1,"featured_media":0,"parent":0,"menu_order":0,"comment_status":"closed","ping_status":"closed","template":"","meta":[],"_links":{"self":[{"href":"https:\/\/www.vievaldis.com\/valdisere\/wp-json\/wp\/v2\/pages\/8234"}],"collection":[{"href":"https:\/\/www.vievaldis.com\/valdisere\/wp-json\/wp\/v2\/pages"}],"about":[{"href":"https:\/\/www.vievaldis.com\/valdisere\/wp-json\/wp\/v2\/types\/page"}],"author":[{"embeddable":true,"href":"https:\/\/www.vievaldis.com\/valdisere\/wp-json\/wp\/v2\/users\/1"}],"replies":[{"embeddable":true,"href":"https:\/\/www.vievaldis.com\/valdisere\/wp-json\/wp\/v2\/comments?post=8234"}],"version-history":[{"count":21,"href":"https:\/\/www.vievaldis.com\/valdisere\/wp-json\/wp\/v2\/pages\/8234\/revisions"}],"predecessor-version":[{"id":10590,"href":"https:\/\/www.vievaldis.com\/valdisere\/wp-json\/wp\/v2\/pages\/8234\/revisions\/10590"}],"wp:attachment":[{"href":"https:\/\/www.vievaldis.com\/valdisere\/wp-json\/wp\/v2\/media?parent=8234"}],"curies":[{"name":"wp","href":"https:\/\/api.w.org\/{rel}","templated":true}]}}