{"id":9648,"date":"2025-03-04T10:39:30","date_gmt":"2025-03-04T09:39:30","guid":{"rendered":"https:\/\/www.vievaldis.com\/valdisere\/?page_id=9648"},"modified":"2026-01-22T16:42:06","modified_gmt":"2026-01-22T15:42:06","slug":"les-queer-givre%c2%b7e%c2%b7s","status":"publish","type":"page","link":"https:\/\/www.vievaldis.com\/valdisere\/les-queer-givre%c2%b7e%c2%b7s\/","title":{"rendered":"Les Queer Givr\u00e9\u00b7e\u00b7s collectif LGBTQIA+"},"content":{"rendered":"<p><img loading=\"lazy\" class=\"aligncenter wp-image-10423\" src=\"https:\/\/www.vievaldis.com\/valdisere\/wp-content\/uploads\/2025\/12\/Group-174-1.png\" alt=\"\" width=\"670\" height=\"947\" srcset=\"https:\/\/www.vievaldis.com\/valdisere\/wp-content\/uploads\/2025\/12\/Group-174-1.png 1687w, https:\/\/www.vievaldis.com\/valdisere\/wp-content\/uploads\/2025\/12\/Group-174-1-212x300.png 212w, https:\/\/www.vievaldis.com\/valdisere\/wp-content\/uploads\/2025\/12\/Group-174-1-724x1024.png 724w, https:\/\/www.vievaldis.com\/valdisere\/wp-content\/uploads\/2025\/12\/Group-174-1-768x1086.png 768w, https:\/\/www.vievaldis.com\/valdisere\/wp-content\/uploads\/2025\/12\/Group-174-1-1086x1536.png 1086w, https:\/\/www.vievaldis.com\/valdisere\/wp-content\/uploads\/2025\/12\/Group-174-1-1449x2048.png 1449w\" sizes=\"(max-width: 670px) 100vw, 670px\" \/><\/p>\n<p>2023 : Apr\u00e8s le questionnaire de fin de saison il est ressorti un besoin de la part d&rsquo;une saisonni\u00e8re : cr\u00e9er un espace LGBTQIA+, afin de se r\u00e9unir, de cr\u00e9er un espace de parole, de se retrouver dans un endroit \u00ab safe \u00bb et bienveillant et \u00e9galement\u00a0 pour pallier au manque de repr\u00e9sentation queer dans l&rsquo;espace culturel de Val d&rsquo;Is\u00e8re.<\/p>\n<p>Vie Val Dis a r\u00e9pondu \u00e0 ce besoin, le consid\u00e9rant comme essentiel, en proposant l&rsquo;accompagnement du projet.<\/p>\n<p>2024 : Naissance des Queer Givr\u00e9\u00b7e\u00b7s<\/p>\n<p>2025 : Cr\u00e9ation d&rsquo;une charte d\u2019engagement contre les discriminations, violences sexistes, sexuelles, racistes et LGBTQIA+phobes dans les lieux festifs de Val d\u2019Is\u00e8re : <a href=\"https:\/\/www.vievaldis.com\/valdisere\/wp-content\/uploads\/2026\/01\/caharte-francais.png\">LA CHARTE ICI<\/a><\/p>\n<p>&nbsp;<\/p>\n<p>&nbsp;<\/p>\n<p>&nbsp;<\/p>\n","protected":false},"excerpt":{"rendered":"<p>2023 : Apr\u00e8s le questionnaire de fin de saison il est ressorti un besoin de la part d&rsquo;une saisonni\u00e8re : cr\u00e9er un espace LGBTQIA+, afin de se r\u00e9unir, de cr\u00e9er un espace&#8230;<\/p>\n","protected":false},"author":1,"featured_media":0,"parent":0,"menu_order":0,"comment_status":"closed","ping_status":"closed","template":"","meta":[],"_links":{"self":[{"href":"https:\/\/www.vievaldis.com\/valdisere\/wp-json\/wp\/v2\/pages\/9648"}],"collection":[{"href":"https:\/\/www.vievaldis.com\/valdisere\/wp-json\/wp\/v2\/pages"}],"about":[{"href":"https:\/\/www.vievaldis.com\/valdisere\/wp-json\/wp\/v2\/types\/page"}],"author":[{"embeddable":true,"href":"https:\/\/www.vievaldis.com\/valdisere\/wp-json\/wp\/v2\/users\/1"}],"replies":[{"embeddable":true,"href":"https:\/\/www.vievaldis.com\/valdisere\/wp-json\/wp\/v2\/comments?post=9648"}],"version-history":[{"count":11,"href":"https:\/\/www.vievaldis.com\/valdisere\/wp-json\/wp\/v2\/pages\/9648\/revisions"}],"predecessor-version":[{"id":10524,"href":"https:\/\/www.vievaldis.com\/valdisere\/wp-json\/wp\/v2\/pages\/9648\/revisions\/10524"}],"wp:attachment":[{"href":"https:\/\/www.vievaldis.com\/valdisere\/wp-json\/wp\/v2\/media?parent=9648"}],"curies":[{"name":"wp","href":"https:\/\/api.w.org\/{rel}","templated":true}]}}

Les Queer Givré·e·s collectif LGBTQIA+

<p><img loading="lazy" class="aligncenter wp-image-10423" src="https://www.vievaldis.com/valdisere/wp-content/uploads/2025/12/Group-174-1.png" alt="" width="670" height="947" srcset="https://www.vievaldis.com/valdisere/wp-content/uploads/2025/12/Group-174-1.png 1687w, https://www.vievaldis.com/valdisere/wp-content/uploads/2025/12/Group-174-1-212x300.png 212w, https://www.vievaldis.com/valdisere/wp-content/uploads/2025/12/Group-174-1-724x1024.png 724w, https://www.vievaldis.com/valdisere/wp-content/uploads/2025/12/Group-174-1-768x1086.png 768w, https://www.vievaldis.com/valdisere/wp-content/uploads/2025/12/Group-174-1-1086x1536.png 1086w, https://www.vievaldis.com/valdisere/wp-content/uploads/2025/12/Group-174-1-1449x2048.png 1449w" sizes="(max-width: 670px) 100vw, 670px" /></p>
<p>2023 : Après le questionnaire de fin de saison il est ressorti un besoin de la part d&rsquo;une saisonnière : créer un espace LGBTQIA+, afin de se réunir, de créer un espace de parole, de se retrouver dans un endroit « safe » et bienveillant et également  pour pallier au manque de représentation queer dans l&rsquo;espace culturel de Val d&rsquo;Isère.</p>
<p>Vie Val Dis a répondu à ce besoin, le considérant comme essentiel, en proposant l&rsquo;accompagnement du projet.</p>
<p>2024 : Naissance des Queer Givré·e·s</p>
<p>2025 : Création d&rsquo;une charte d’engagement contre les discriminations, violences sexistes, sexuelles, racistes et LGBTQIA+phobes dans les lieux festifs de Val d’Isère : <a href="https://www.vievaldis.com/valdisere/wp-content/uploads/2026/01/caharte-francais.png">LA CHARTE ICI</a></p>
<p>&nbsp;</p>
<p>&nbsp;</p>
<p>&nbsp;</p>

<p>2023 : Après le questionnaire de fin de saison il est ressorti un besoin de la part d&rsquo;une saisonnière : créer un espace LGBTQIA+, afin de se réunir, de créer un espace&#8230;</p>
